{"id":1342,"date":"2018-06-11T17:29:41","date_gmt":"2018-06-11T20:29:41","guid":{"rendered":"http:\/\/150.164.129.71\/coltec\/?page_id=1342"},"modified":"2020-07-23T10:46:18","modified_gmt":"2020-07-23T13:46:18","slug":"pregao-srp","status":"publish","type":"page","link":"https:\/\/www.coltec.ufmg.br\/coltec-ufmg\/?page_id=1342","title":{"rendered":"Preg\u00e3o SRP (Sistema de Registro de Pre\u00e7os)"},"content":{"rendered":"<div class=\"container-fluid\">\n<div style=\"margin-top: 1%;\">\n<nav class=\"scrollspy col-sm-3 col-xs-12\">\n<ul class=\"nav nav-pills nav-stacked\">\n<li><\/li>\n<li><a href=\"\/coltec-ufmg\/?page_id=1348\">Cota\u00e7\u00f5es Eletr\u00f4nicas<\/a><\/li>\n<li class=\"active disabled\"><a href=\"\/coltec-ufmg\/?page_id=1342\">Preg\u00e3o SRP (Sistema de Registro de Pre\u00e7os)<\/a><\/li>\n<li><a href=\"\/coltec-ufmg\/?page_id=1346\">Rela\u00e7\u00f5es de Pagamentos<\/a><\/li>\n<\/ul>\n<\/nav>\n<\/div>\n<div class=\"col-sm-9 col-xs-12\">\n<table style=\"height: 290px;\" align=\"left\">\n<tbody>\n<tr style=\"height: 25px;\">\n<td style=\"width: 191px; height: 25px;\"><strong>PREG\u00c3O<\/strong><\/td>\n<td style=\"width: 82px; height: 25px;\"><strong>Edital<br \/>\n<\/strong><\/td>\n<td style=\"width: 83px; height: 25px;\"><strong>Anexos<\/strong><\/td>\n<td style=\"width: 244px;\"><strong>\u00a0<\/strong><\/td>\n<td style=\"width: 244px; height: 25px;\"><strong>Esclarecimento \/ Impugna\u00e7\u00e3o<\/strong><\/td>\n<\/tr>\n<tr style=\"height: 53px;\">\n<td style=\"width: 191px; height: 53px;\">\n<p class=\"western\" lang=\"pt-BR\">Preg\u00e3o SRP- 01\/2018<\/p>\n<\/td>\n<td style=\"width: 82px; height: 53px;\">\u00a0<a href=\"http:\/\/www.coltec.ufmg.br\/coltec-ufmg\/wp-content\/uploads\/2018\/06\/Edital-Retificado-3.pdf\" target=\"_blank\" rel=\"noopener\">Edital <\/a><\/td>\n<td style=\"width: 83px; height: 53px;\"><a href=\"http:\/\/www.coltec.ufmg.br\/coltec-ufmg\/wp-content\/uploads\/2018\/06\/anexos_012018.rar\">Anexos<\/a><\/td>\n<td style=\"width: 244px;\"><\/td>\n<td style=\"width: 244px; height: 53px;\"><\/td>\n<\/tr>\n<tr style=\"height: 53px;\">\n<td style=\"width: 191px; height: 53px;\">\n<p class=\"western\" lang=\"pt-BR\">Preg\u00e3o SRP &#8211; 02\/2018<\/p>\n<\/td>\n<td style=\"width: 82px; height: 53px;\"><a href=\"http:\/\/www.coltec.ufmg.br\/coltec-ufmg\/wp-content\/uploads\/2018\/06\/Edital-Retificado-2.pdf\" target=\"_blank\" rel=\"noopener\">Edital<\/a><\/td>\n<td style=\"width: 83px; height: 53px;\"><a href=\"http:\/\/www.coltec.ufmg.br\/coltec-ufmg\/wp-content\/uploads\/2018\/06\/Anexos.rar\" target=\"_blank\" rel=\"noopener\">Anexos<\/a><\/td>\n<td style=\"width: 244px;\"><\/td>\n<td style=\"width: 244px; height: 53px;\"><\/td>\n<\/tr>\n<tr style=\"height: 53px;\">\n<td style=\"width: 191px; height: 53px;\">\n<p class=\"western\" lang=\"pt-BR\">Preg\u00e3o SRP &#8211; 03\/2018<\/p>\n<\/td>\n<td style=\"width: 82px; height: 53px;\"><a href=\"http:\/\/www.coltec.ufmg.br\/coltec-ufmg\/wp-content\/uploads\/2018\/06\/Edital1.pdf\" target=\"_blank\" rel=\"noopener\">Edital<\/a><\/td>\n<td style=\"width: 83px; height: 53px;\"><a href=\"http:\/\/www.coltec.ufmg.br\/coltec-ufmg\/wp-content\/uploads\/2018\/06\/Anexos.zip\" target=\"_blank\" rel=\"noopener\">Anexos<\/a><\/td>\n<td style=\"width: 244px;\"><\/td>\n<td style=\"width: 244px; height: 53px;\"><\/td>\n<\/tr>\n<tr style=\"height: 53px;\">\n<td style=\"width: 191px; height: 53px;\">\n<p class=\"western\" lang=\"pt-BR\">Preg\u00e3o SRP &#8211; 01\/2019<\/p>\n<\/td>\n<td style=\"width: 82px; height: 53px;\"><a href=\"http:\/\/www.coltec.ufmg.br\/coltec-ufmg\/wp-content\/uploads\/2018\/06\/Edital-Atual1.pdf\">Edital <\/a><\/td>\n<td style=\"width: 83px; height: 53px;\"><a href=\"http:\/\/www.coltec.ufmg.br\/coltec-ufmg\/wp-content\/uploads\/2018\/06\/Anexos-1.rar\">Anexos<\/a><\/td>\n<td style=\"width: 244px;\"><\/td>\n<td style=\"width: 244px; height: 53px;\"><\/td>\n<\/tr>\n<tr style=\"height: 53px;\">\n<td style=\"width: 191px; height: 53px;\">\n<p class=\"western\" lang=\"pt-BR\">Preg\u00e3o SRP &#8211; 02\/2019<\/p>\n<\/td>\n<td style=\"width: 82px; height: 53px;\"><a href=\"http:\/\/www.coltec.ufmg.br\/coltec-ufmg\/wp-content\/uploads\/2018\/06\/edital-022019-COLTEC.pdf\">Edital<\/a><\/td>\n<td style=\"width: 83px; height: 53px;\"><a href=\"http:\/\/www.coltec.ufmg.br\/coltec-ufmg\/wp-content\/uploads\/2018\/06\/Anexos-022019-COLTEC.rar\">Anexos<\/a><\/td>\n<td style=\"width: 244px;\"><\/td>\n<td style=\"width: 244px; height: 53px;\"><\/td>\n<\/tr>\n<tr style=\"height: 53px;\">\n<td style=\"width: 191px; height: 53px;\">\n<p class=\"western\" lang=\"pt-BR\">Preg\u00e3o SRP &#8211; 03\/2019<\/p>\n<\/td>\n<td style=\"width: 82px; height: 53px;\"><a href=\"http:\/\/www.coltec.ufmg.br\/coltec-ufmg\/wp-content\/uploads\/2018\/06\/Edital-032019-COLTEC.pdf\" target=\"_blank\" rel=\"noopener\">Edital <\/a><\/td>\n<td style=\"width: 83px; height: 53px;\"><a href=\"http:\/\/www.coltec.ufmg.br\/coltec-ufmg\/wp-content\/uploads\/2018\/06\/Anexos-032019-MATERIAL-PARA-OFICINA-DE-MAD.-E-MEC\u00c2NICA.rar\">Anexos<\/a><\/td>\n<td style=\"width: 244px;\"><\/td>\n<td style=\"width: 244px; height: 53px;\"><\/td>\n<\/tr>\n<tr>\n<td style=\"width: 191px;\">\n<p class=\"western\" lang=\"pt-BR\">Preg\u00e3o SRP &#8211; 01\/2020<\/p>\n<\/td>\n<td style=\"width: 82px;\"><a href=\"http:\/\/www.coltec.ufmg.br\/coltec-ufmg\/wp-content\/uploads\/2020\/07\/000_Edital_Merenda.adK_.pdf\" target=\"_blank\" rel=\"noopener\">Edital<\/a><\/td>\n<td style=\"width: 83px;\"><a href=\"http:\/\/www.coltec.ufmg.br\/coltec-ufmg\/wp-content\/uploads\/2020\/07\/Edital022020_Anexos.rar\" target=\"_blank\" rel=\"noopener\">Anexos<\/a><\/td>\n<td style=\"width: 244px;\"><\/td>\n<td style=\"width: 244px;\"><\/td>\n<\/tr>\n<tr>\n<td style=\"width: 191px;\">\n<p class=\"western\" lang=\"pt-BR\">Preg\u00e3o SRP &#8211; 02\/2020<\/p>\n<\/td>\n<td style=\"width: 82px;\"><a href=\"http:\/\/www.coltec.ufmg.br\/coltec-ufmg\/wp-content\/uploads\/2020\/07\/edital-e-anexos-publicar-pfd-mesclado.pdf\" target=\"_blank\" rel=\"noopener\">Edital<\/a><\/td>\n<td style=\"width: 83px;\"><\/td>\n<td style=\"width: 244px;\"><\/td>\n<td style=\"width: 244px;\"><\/td>\n<\/tr>\n<tr>\n<td style=\"width: 191px;\">\n<p class=\"western\" lang=\"pt-BR\">Preg\u00e3o SRP &#8211; 03\/2020<\/p>\n<\/td>\n<td style=\"width: 82px;\">Edital<\/td>\n<td style=\"width: 83px;\">Anexos<\/td>\n<td style=\"width: 244px;\"><\/td>\n<td style=\"width: 244px;\"><\/td>\n<\/tr>\n<\/tbody>\n<\/table>\n<hr \/>\n<p>&nbsp;<\/p>\n<\/div>\n<\/div>\n","protected":false},"excerpt":{"rendered":"<p>Cota\u00e7\u00f5es Eletr\u00f4nicas Preg\u00e3o SRP (Sistema de Registro de Pre\u00e7os) Rela\u00e7\u00f5es de Pagamentos PREG\u00c3O Edital Anexos \u00a0 Esclarecimento \/ Impugna\u00e7\u00e3o Preg\u00e3o SRP- 01\/2018 \u00a0Edital Anexos Preg\u00e3o SRP &#8211; 02\/2018 Edital Anexos Preg\u00e3o SRP &#8211; 03\/2018 Edital Anexos Preg\u00e3o SRP &#8211; 01\/2019 Edital Anexos Preg\u00e3o SRP &#8211; 02\/2019 Edital Anexos Preg\u00e3o SRP &#8211; 03\/2019 Edital Anexos Preg\u00e3o [&hellip;]<\/p>\n","protected":false},"author":1,"featured_media":0,"parent":36,"menu_order":0,"comment_status":"closed","ping_status":"closed","template":"","meta":{"footnotes":""},"publishpress_future_action":{"enabled":false,"date":"1969-12-31 21:00:00","action":"","terms":[],"taxonomy":"","browser_timezone_offset":0},"_links":{"self":[{"href":"https:\/\/www.coltec.ufmg.br\/coltec-ufmg\/index.php?rest_route=\/wp\/v2\/pages\/1342"}],"collection":[{"href":"https:\/\/www.coltec.ufmg.br\/coltec-ufmg\/index.php?rest_route=\/wp\/v2\/pages"}],"about":[{"href":"https:\/\/www.coltec.ufmg.br\/coltec-ufmg\/index.php?rest_route=\/wp\/v2\/types\/page"}],"author":[{"embeddable":true,"href":"https:\/\/www.coltec.ufmg.br\/coltec-ufmg\/index.php?rest_route=\/wp\/v2\/users\/1"}],"replies":[{"embeddable":true,"href":"https:\/\/www.coltec.ufmg.br\/coltec-ufmg\/index.php?rest_route=%2Fwp%2Fv2%2Fcomments&post=1342"}],"version-history":[{"count":30,"href":"https:\/\/www.coltec.ufmg.br\/coltec-ufmg\/index.php?rest_route=\/wp\/v2\/pages\/1342\/revisions"}],"predecessor-version":[{"id":5973,"href":"https:\/\/www.coltec.ufmg.br\/coltec-ufmg\/index.php?rest_route=\/wp\/v2\/pages\/1342\/revisions\/5973"}],"up":[{"embeddable":true,"href":"https:\/\/www.coltec.ufmg.br\/coltec-ufmg\/index.php?rest_route=\/wp\/v2\/pages\/36"}],"wp:attachment":[{"href":"https:\/\/www.coltec.ufmg.br\/coltec-ufmg\/index.php?rest_route=%2Fwp%2Fv2%2Fmedia&parent=1342"}],"curies":[{"name":"wp","href":"https:\/\/api.w.org\/{rel}","templated":true}]}}