{"id":1348,"date":"2018-06-11T17:33:22","date_gmt":"2018-06-11T20:33:22","guid":{"rendered":"http:\/\/150.164.129.71\/coltec\/?page_id=1348"},"modified":"2022-08-23T16:36:46","modified_gmt":"2022-08-23T19:36:46","slug":"cotacoes-eletronicas","status":"publish","type":"page","link":"https:\/\/www.coltec.ufmg.br\/coltec-ufmg\/?page_id=1348","title":{"rendered":"Cota\u00e7\u00f5es Eletr\u00f4nicas"},"content":{"rendered":"<div class=\"container-fluid\">\n<div style=\"margin-top: 1%;\"><nav class=\"scrollspy col-sm-3 col-xs-12\">\n<ul class=\"nav nav-pills nav-stacked\">\n<li><a href=\"http:\/\/www.coltec.ufmg.br\/coltec-ufmg\/wp-content\/uploads\/2018\/06\/02-Edital-Cota\u00e7\u00e3o-Eletr\u00f4nica.pdf\">02 Edital Cota\u00e7\u00e3o Eletr\u00f4nica<\/a><a href=\"\/coltec-ufmg\/?page_id=36\">Principal<\/a><\/li>\n<li class=\"active disabled\"><a href=\"\/coltec-ufmg\/?page_id=1348\">Cota\u00e7\u00f5es Eletr\u00f4nicas<\/a><\/li>\n<li><a href=\"\/coltec-ufmg\/?page_id=1342\">Preg\u00e3o SRP (Sistema de Registro de Pre\u00e7os)<\/a><\/li>\n<\/ul>\n<\/nav><\/div>\n<div class=\"col-sm-9 col-xs-12\">\n<table style=\"height: 671px; width: 115%;\" align=\"left\">\n<tbody>\n<tr style=\"height: 23px;\">\n<td style=\"height: 23px; width: 440px;\"><strong>Cota\u00e7\u00f5es Eletr\u00f4nicas<\/strong><\/td>\n<td style=\"height: 23px; width: 196px;\">Documentos<\/td>\n<\/tr>\n<tr style=\"height: 106px;\">\n<td style=\"height: 10px; width: 440px;\"><strong>\u00a0__________________________________________<\/strong><\/td>\n<td style=\"height: 10px; width: 196px;\">\u00a0<\/td>\n<\/tr>\n<tr style=\"height: 25px;\">\n<td style=\"height: 25px; width: 440px;\"><strong>Cota\u00e7\u00e3o Eletr\u00f4nica n\u00ba 03\/2019<\/strong><\/td>\n<td style=\"height: 25px; width: 196px;\"><a href=\"http:\/\/www.coltec.ufmg.br\/coltec-ufmg\/wp-content\/uploads\/2018\/06\/Edital-Cota\u00e7\u00e3o-Eletr\u00f4nica-7.pdf\" target=\"_blank\" rel=\"noopener\">Edital <\/a><\/td>\n<\/tr>\n<tr style=\"height: 25px;\">\n<td style=\"height: 25px; width: 440px;\"><strong>Cota\u00e7\u00e3o Eletr\u00f4nica n\u00ba 04\/2019<\/strong><\/td>\n<td style=\"height: 25px; width: 196px;\"><a href=\"http:\/\/www.coltec.ufmg.br\/coltec-ufmg\/wp-content\/uploads\/2018\/06\/Edital-Cota\u00e7\u00e3o-Eletr\u00f4nica-042019.pdf\" target=\"_blank\" rel=\"noopener\">Edital<\/a><\/td>\n<\/tr>\n<tr style=\"height: 25px;\">\n<td style=\"height: 25px; width: 440px;\"><strong>Cota\u00e7\u00e3o Eletr\u00f4nica n\u00ba 06\/2019<\/strong><\/td>\n<td style=\"height: 25px; width: 196px;\"><a href=\"http:\/\/www.coltec.ufmg.br\/coltec-ufmg\/wp-content\/uploads\/2018\/06\/Edital-Cota\u00e7\u00e3o-Eletr\u00f4nica-8.pdf\">Edital <\/a><\/td>\n<\/tr>\n<tr style=\"height: 25px;\">\n<td style=\"height: 25px; width: 440px;\"><strong>Cota\u00e7\u00e3o Eletr\u00f4nica n\u00ba 09\/2019<\/strong><\/td>\n<td style=\"height: 25px; width: 196px;\"><a href=\"http:\/\/www.coltec.ufmg.br\/coltec-ufmg\/wp-content\/uploads\/2018\/06\/Edital-Cota\u00e7\u00e3o-Eletr\u00f4nica-10.pdf\">Edital<\/a><\/td>\n<\/tr>\n<tr style=\"height: 25px;\">\n<td style=\"height: 25px; width: 440px;\"><strong>Cota\u00e7\u00e3o Eletr\u00f4nica n\u00ba 05\/2019<\/strong><\/td>\n<td style=\"height: 25px; width: 196px;\"><a href=\"http:\/\/www.coltec.ufmg.br\/coltec-ufmg\/wp-content\/uploads\/2018\/06\/Edital-Cota\u00e7\u00e3o-Eletr\u00f4nica-11.pdf\">Edital<\/a><\/td>\n<\/tr>\n<tr style=\"height: 25px;\">\n<td style=\"height: 25px; width: 440px;\"><strong>Cota\u00e7\u00e3o Eletr\u00f4nica n\u00ba 08\/2019<\/strong><\/td>\n<td style=\"height: 25px; width: 196px;\"><a href=\"http:\/\/www.coltec.ufmg.br\/coltec-ufmg\/wp-content\/uploads\/2018\/06\/Edital.pdf\">Edital<\/a><\/td>\n<\/tr>\n<tr style=\"height: 25px;\">\n<td style=\"height: 25px; width: 440px;\"><strong>Cota\u00e7\u00e3o Eletr\u00f4nica n\u00ba 13\/2019<\/strong><\/td>\n<td style=\"height: 25px; width: 196px;\"><a href=\"http:\/\/www.coltec.ufmg.br\/coltec-ufmg\/wp-content\/uploads\/2018\/06\/02-Edital-Cota\u00e7\u00e3o-Eletr\u00f4nica.pdf\">Edital<\/a><\/td>\n<\/tr>\n<tr style=\"height: 17px;\">\n<td style=\"width: 440px; height: 17px;\"><strong>Cota\u00e7\u00e3o Eletr\u00f4nica n\u00ba 11\/2019<\/strong><\/td>\n<td style=\"width: 196px; height: 17px;\"><a href=\"http:\/\/www.coltec.ufmg.br\/coltec-ufmg\/wp-content\/uploads\/2018\/06\/02-Edital-Cota\u00e7\u00e3o-Eletr\u00f4nica-1.pdf\" target=\"_blank\" rel=\"noopener\">Edital <\/a><\/td>\n<\/tr>\n<tr style=\"height: 25px;\">\n<td style=\"width: 440px; height: 25px;\"><strong>Cota\u00e7\u00e3o Eletr\u00f4nica n\u00ba 18\/2019<\/strong><\/td>\n<td style=\"width: 196px; height: 25px;\"><a href=\"http:\/\/www.coltec.ufmg.br\/coltec-ufmg\/wp-content\/uploads\/2018\/06\/Edital-Cota\u00e7\u00e3o-Eletr\u00f4nica-14.pdf\">Edital <\/a><\/td>\n<\/tr>\n<tr style=\"height: 25px;\">\n<td style=\"width: 440px; height: 25px;\"><strong>Cota\u00e7\u00e3o Eletr\u00f4nica n\u00ba 23\/2019<\/strong><\/td>\n<td style=\"width: 196px; height: 25px;\"><a href=\"http:\/\/www.coltec.ufmg.br\/coltec-ufmg\/wp-content\/uploads\/2018\/06\/Edital-Cota\u00e7\u00e3o-Eletr\u00f4nica-16.pdf\">Edital<\/a><\/td>\n<\/tr>\n<tr style=\"height: 25px;\">\n<td style=\"width: 440px; height: 25px;\"><strong>Cota\u00e7\u00e3o Eletr\u00f4nica n\u00ba 12\/2019\u00a0<\/strong><\/td>\n<td style=\"width: 196px; height: 25px;\"><a href=\"http:\/\/www.coltec.ufmg.br\/coltec-ufmg\/wp-content\/uploads\/2018\/06\/02-Edital-Cota\u00e7\u00e3o-Eletr\u00f4nica-4.pdf\" target=\"_blank\" rel=\"noopener\">Edital<\/a><\/td>\n<\/tr>\n<tr style=\"height: 25px;\">\n<td style=\"width: 440px; height: 25px;\"><strong>Cota\u00e7\u00e3o Eletr\u00f4nica n\u00ba 24\/2019\u00a0\u00a0<\/strong><\/td>\n<td style=\"width: 196px; height: 25px;\"><a href=\"http:\/\/www.coltec.ufmg.br\/coltec-ufmg\/wp-content\/uploads\/2018\/06\/Edital-2.pdf\">Edital<\/a><\/td>\n<\/tr>\n<tr style=\"height: 25px;\">\n<td style=\"width: 440px; height: 25px;\"><strong>Cota\u00e7\u00e3o Eletr\u00f4nica n\u00ba 41\/2019\u00a0\u00a0<\/strong><\/td>\n<td style=\"width: 196px; height: 25px;\"><a href=\"http:\/\/www.coltec.ufmg.br\/coltec-ufmg\/wp-content\/uploads\/2018\/06\/Edital-Cota\u00e7\u00e3o-Eletr\u00f4nica-18.pdf\" target=\"_blank\" rel=\"noopener\">Edital <\/a><\/td>\n<\/tr>\n<tr style=\"height: 25px;\">\n<td style=\"width: 440px; height: 25px;\"><strong>Cota\u00e7\u00e3o Eletr\u00f4nica n\u00ba 42\/2019<\/strong><\/td>\n<td style=\"width: 196px; height: 25px;\"><a href=\"http:\/\/www.coltec.ufmg.br\/coltec-ufmg\/wp-content\/uploads\/2018\/06\/Edital-.pdf\">Edital<\/a><\/td>\n<\/tr>\n<tr style=\"height: 23px;\">\n<td style=\"width: 440px; height: 23px;\"><strong>Cota\u00e7\u00e3o Eletr\u00f4nica n\u00ba 43\/2019<\/strong><\/td>\n<td style=\"width: 196px; height: 23px;\">\u00a0<a href=\"http:\/\/www.coltec.ufmg.br\/coltec-ufmg\/wp-content\/uploads\/2018\/06\/Edital-1-4.pdf\">Edital<\/a><\/td>\n<\/tr>\n<tr style=\"height: 25px;\">\n<td style=\"width: 440px; height: 25px;\"><strong>Cota\u00e7\u00e3o Eletr\u00f4nica n\u00ba 44\/2019\u00a0\u00a0<\/strong><\/td>\n<td style=\"width: 196px; height: 25px;\"><a href=\"http:\/\/www.coltec.ufmg.br\/coltec-ufmg\/wp-content\/uploads\/2018\/06\/Edital-3.pdf\">Edital<\/a><\/td>\n<\/tr>\n<tr style=\"height: 23px;\">\n<td style=\"width: 440px; height: 23px;\"><strong>Cota\u00e7\u00e3o Eletr\u00f4nica n\u00ba 45\/2019<\/strong><\/td>\n<td style=\"width: 196px; height: 23px;\"><a href=\"http:\/\/www.coltec.ufmg.br\/coltec-ufmg\/wp-content\/uploads\/2018\/06\/Edital-1-3.pdf\">Edital<\/a><\/td>\n<\/tr>\n<tr style=\"height: 23px;\">\n<td style=\"width: 440px; height: 23px;\"><strong>Cota\u00e7\u00e3o Eletr\u00f4nica n\u00ba 46\/2019<\/strong><\/td>\n<td style=\"width: 196px; height: 23px;\"><a href=\"http:\/\/www.coltec.ufmg.br\/coltec-ufmg\/wp-content\/uploads\/2018\/06\/Edital-1-2.pdf\">Edital<\/a><\/td>\n<\/tr>\n<tr style=\"height: 23px;\">\n<td style=\"width: 440px; height: 23px;\"><strong>Cota\u00e7\u00e3o Eletr\u00f4nica n\u00ba 47\/2019<\/strong><\/td>\n<td style=\"width: 196px; height: 23px;\"><a href=\"http:\/\/www.coltec.ufmg.br\/coltec-ufmg\/wp-content\/uploads\/2018\/06\/Edital-1-1.pdf\">Edital<\/a><\/td>\n<\/tr>\n<tr style=\"height: 23px;\">\n<td style=\"width: 440px; height: 23px;\"><strong>Cota\u00e7\u00e3o Eletr\u00f4nica n\u00ba 48\/2019<\/strong><\/td>\n<td style=\"width: 196px; height: 23px;\"><a href=\"http:\/\/www.coltec.ufmg.br\/coltec-ufmg\/wp-content\/uploads\/2018\/06\/Edital-Cota\u00e7\u00e3o-Eletr\u00f4nica-19.pdf\">Edital <\/a><\/td>\n<\/tr>\n<tr style=\"height: 23px;\">\n<td style=\"width: 440px; height: 34px;\"><strong>Cota\u00e7\u00e3o Eletr\u00f4nica n\u00ba 05\/2020<\/strong><\/td>\n<td style=\"width: 196px; height: 34px;\"><a href=\"http:\/\/www.coltec.ufmg.br\/coltec-ufmg\/wp-content\/uploads\/2018\/06\/02-Edital-Cota\u00e7\u00e3o-Eletr\u00f4nica-5.pdf\" target=\"_blank\" rel=\"noopener\">Edital<\/a><\/td>\n<\/tr>\n<tr style=\"height: 25px;\">\n<td style=\"width: 440px; height: 25px;\"><strong>Cota\u00e7\u00e3o Eletr\u00f4nica n\u00ba 07\/2020<\/strong><\/td>\n<td style=\"width: 196px; height: 25px;\"><a href=\"http:\/\/www.coltec.ufmg.br\/coltec-ufmg\/wp-content\/uploads\/2018\/06\/02_Edital_Cotacao_Eletronica_7.pdf\">Edital<\/a><\/td>\n<\/tr>\n<tr style=\"height: 25px;\">\n<td style=\"width: 440px; height: 25px;\"><strong>Cota\u00e7\u00e3o Eletr\u00f4nica n\u00ba 09\/2020<\/strong><\/td>\n<td style=\"width: 196px; height: 25px;\"><a href=\"http:\/\/www.coltec.ufmg.br\/coltec-ufmg\/wp-content\/uploads\/2018\/06\/02_Edital_Cotacao_Eletronica_9.pdf\">Edital<\/a><\/td>\n<\/tr>\n<tr style=\"height: 24px;\">\n<td style=\"width: 440px; height: 24px;\"><strong>Cota\u00e7\u00e3o Eletr\u00f4nica n\u00ba 11\/2020<\/strong><\/td>\n<td style=\"width: 196px; height: 24px;\"><a href=\"http:\/\/www.coltec.ufmg.br\/coltec-ufmg\/wp-content\/uploads\/2018\/06\/02_Edital_Cotacao_Eletronica_11.pdf\">Edital<\/a><\/td>\n<\/tr>\n<tr style=\"height: 24px;\">\n<td style=\"width: 440px; height: 24px;\"><strong>Cota\u00e7\u00e3o Eletr\u00f4nica n\u00ba 12\/2020<\/strong><strong><br \/><\/strong><\/td>\n<td style=\"width: 196px; height: 24px;\"><a href=\"http:\/\/www.coltec.ufmg.br\/coltec-ufmg\/wp-content\/uploads\/2018\/06\/02_Edital_Cotacao_Eletronica_12.pdf\">Edital<\/a><\/td>\n<\/tr>\n<\/tbody>\n<\/table>\n<\/div>\n<\/div>\n\n","protected":false},"excerpt":{"rendered":"<p>02 Edital Cota\u00e7\u00e3o Eletr\u00f4nicaPrincipal Cota\u00e7\u00f5es Eletr\u00f4nicas Preg\u00e3o SRP (Sistema de Registro de Pre\u00e7os) Cota\u00e7\u00f5es Eletr\u00f4nicas Documentos \u00a0__________________________________________ \u00a0 Cota\u00e7\u00e3o Eletr\u00f4nica n\u00ba 03\/2019 Edital Cota\u00e7\u00e3o Eletr\u00f4nica n\u00ba 04\/2019 Edital Cota\u00e7\u00e3o Eletr\u00f4nica n\u00ba 06\/2019 Edital Cota\u00e7\u00e3o Eletr\u00f4nica n\u00ba 09\/2019 Edital Cota\u00e7\u00e3o Eletr\u00f4nica n\u00ba 05\/2019 Edital Cota\u00e7\u00e3o Eletr\u00f4nica n\u00ba 08\/2019 Edital Cota\u00e7\u00e3o Eletr\u00f4nica n\u00ba 13\/2019 Edital Cota\u00e7\u00e3o Eletr\u00f4nica [&hellip;]<\/p>\n","protected":false},"author":1,"featured_media":0,"parent":36,"menu_order":0,"comment_status":"closed","ping_status":"closed","template":"","meta":{"footnotes":""},"publishpress_future_action":{"enabled":false,"date":"1969-12-31 21:00:00","action":"","terms":[],"taxonomy":"","browser_timezone_offset":0},"_links":{"self":[{"href":"https:\/\/www.coltec.ufmg.br\/coltec-ufmg\/index.php?rest_route=\/wp\/v2\/pages\/1348"}],"collection":[{"href":"https:\/\/www.coltec.ufmg.br\/coltec-ufmg\/index.php?rest_route=\/wp\/v2\/pages"}],"about":[{"href":"https:\/\/www.coltec.ufmg.br\/coltec-ufmg\/index.php?rest_route=\/wp\/v2\/types\/page"}],"author":[{"embeddable":true,"href":"https:\/\/www.coltec.ufmg.br\/coltec-ufmg\/index.php?rest_route=\/wp\/v2\/users\/1"}],"replies":[{"embeddable":true,"href":"https:\/\/www.coltec.ufmg.br\/coltec-ufmg\/index.php?rest_route=%2Fwp%2Fv2%2Fcomments&post=1348"}],"version-history":[{"count":39,"href":"https:\/\/www.coltec.ufmg.br\/coltec-ufmg\/index.php?rest_route=\/wp\/v2\/pages\/1348\/revisions"}],"predecessor-version":[{"id":10237,"href":"https:\/\/www.coltec.ufmg.br\/coltec-ufmg\/index.php?rest_route=\/wp\/v2\/pages\/1348\/revisions\/10237"}],"up":[{"embeddable":true,"href":"https:\/\/www.coltec.ufmg.br\/coltec-ufmg\/index.php?rest_route=\/wp\/v2\/pages\/36"}],"wp:attachment":[{"href":"https:\/\/www.coltec.ufmg.br\/coltec-ufmg\/index.php?rest_route=%2Fwp%2Fv2%2Fmedia&parent=1348"}],"curies":[{"name":"wp","href":"https:\/\/api.w.org\/{rel}","templated":true}]}}