{"id":14453,"date":"2025-01-02T10:22:52","date_gmt":"2025-01-02T13:22:52","guid":{"rendered":"https:\/\/www.coltec.ufmg.br\/coltec-ufmg\/?page_id=14453"},"modified":"2025-01-10T11:53:32","modified_gmt":"2025-01-10T14:53:32","slug":"termo-de-execucao-descentralizada-ted","status":"publish","type":"page","link":"https:\/\/www.coltec.ufmg.br\/coltec-ufmg\/?page_id=14453","title":{"rendered":"Termo de Execu\u00e7\u00e3o Descentralizada &#8211; TED"},"content":{"rendered":"\n<h6><strong>Termo de Execu\u00e7\u00e3o Descentralizada \u2013 TED firmado com a Universidade Federal do Rio Grande do Norte \u2013 UFRN.<\/strong><br \/><br \/><a href=\"https:\/\/www.coltec.ufmg.br\/coltec-ufmg\/wp-content\/uploads\/2025\/01\/TED-COLTEC-UFRN-20-12-2024.pdf\" target=\"_blank\" rel=\"noopener\"><strong>N\u00ba DO TED: 11501.11.0824<\/strong><\/a><br \/><br \/>Objeto do TED: integrar o Col\u00e9gio T\u00e9cnico da Universidade Federal de Minas Gerais (Coltec\/UFMG) como cooperado \u00e0 Rede P\u00fablica SIG-UFRN para a realiza\u00e7\u00e3o de atividades de interesse rec\u00edproco, em regime de colabora\u00e7\u00e3o m\u00fatua, visando \u00e0 coopera\u00e7\u00e3o na melhoria e evolu\u00e7\u00e3o dos Sistemas SIG-UFRN.<br \/><br \/><a href=\"https:\/\/www.coltec.ufmg.br\/coltec-ufmg\/wp-content\/uploads\/2025\/01\/SEI_3872393_Portaria_171-1.pdf\" target=\"_blank\" rel=\"noopener\">Portaria n\u00ba 171 &#8211; Monitoramento e Avalia\u00e7\u00e3o da Execu\u00e7\u00e3o do TED<\/a><\/h6>\n<p>\u00a0<\/p>\n<p>\u00a0<\/p>\n","protected":false},"excerpt":{"rendered":"<p>Termo de Execu\u00e7\u00e3o Descentralizada \u2013 TED firmado com a Universidade Federal do Rio Grande do Norte \u2013 UFRN. N\u00ba DO TED: 11501.11.0824 Objeto do TED: integrar o Col\u00e9gio T\u00e9cnico da Universidade Federal de Minas Gerais (Coltec\/UFMG) como cooperado \u00e0 Rede P\u00fablica SIG-UFRN para a realiza\u00e7\u00e3o de atividades de interesse rec\u00edproco, em regime de colabora\u00e7\u00e3o m\u00fatua, [&hellip;]<\/p>\n","protected":false},"author":7,"featured_media":0,"parent":0,"menu_order":0,"comment_status":"closed","ping_status":"closed","template":"","meta":{"footnotes":""},"publishpress_future_action":{"enabled":false,"date":"1969-12-31 21:00:00","action":"","terms":[],"taxonomy":"","browser_timezone_offset":0},"_links":{"self":[{"href":"https:\/\/www.coltec.ufmg.br\/coltec-ufmg\/index.php?rest_route=\/wp\/v2\/pages\/14453"}],"collection":[{"href":"https:\/\/www.coltec.ufmg.br\/coltec-ufmg\/index.php?rest_route=\/wp\/v2\/pages"}],"about":[{"href":"https:\/\/www.coltec.ufmg.br\/coltec-ufmg\/index.php?rest_route=\/wp\/v2\/types\/page"}],"author":[{"embeddable":true,"href":"https:\/\/www.coltec.ufmg.br\/coltec-ufmg\/index.php?rest_route=\/wp\/v2\/users\/7"}],"replies":[{"embeddable":true,"href":"https:\/\/www.coltec.ufmg.br\/coltec-ufmg\/index.php?rest_route=%2Fwp%2Fv2%2Fcomments&post=14453"}],"version-history":[{"count":13,"href":"https:\/\/www.coltec.ufmg.br\/coltec-ufmg\/index.php?rest_route=\/wp\/v2\/pages\/14453\/revisions"}],"predecessor-version":[{"id":14535,"href":"https:\/\/www.coltec.ufmg.br\/coltec-ufmg\/index.php?rest_route=\/wp\/v2\/pages\/14453\/revisions\/14535"}],"wp:attachment":[{"href":"https:\/\/www.coltec.ufmg.br\/coltec-ufmg\/index.php?rest_route=%2Fwp%2Fv2%2Fmedia&parent=14453"}],"curies":[{"name":"wp","href":"https:\/\/api.w.org\/{rel}","templated":true}]}}