{"id":1551,"date":"2018-06-19T15:58:51","date_gmt":"2018-06-19T18:58:51","guid":{"rendered":"http:\/\/150.164.129.71\/coltec\/?page_id=1551"},"modified":"2023-05-31T15:52:34","modified_gmt":"2023-05-31T18:52:34","slug":"curso-de-desenvolvimento-de-aplicativos-moveis","status":"publish","type":"page","link":"https:\/\/www.coltec.ufmg.br\/coltec-ufmg\/?page_id=1551","title":{"rendered":"Curso de Desenvolvimento de Aplicativos M\u00f3veis"},"content":{"rendered":"<div class=\"container-fluid\">\n<div class=\"row\">\n<nav class=\"scrollspy col-sm-3 col-xs-12\">\n<ul class=\"nav nav-pills nav-stacked\">\n<li><a href=\"\/coltec-ufmg\/?page_id=59\">An\u00e1lises Cl\u00ednicas<\/a><\/li>\n<li><a href=\"\/coltec-ufmg\/?page_id=61\">Automa\u00e7\u00e3o Industrial<\/a><\/li>\n<li><a href=\"\/coltec-ufmg\/?page_id=65\">Desenvolvimento de Sistemas<\/a><\/li>\n<li><a href=\"\/coltec-ufmg\/?page_id=63\">Eletr\u00f4nica<\/a><\/li>\n<li><a href=\"\/coltec-ufmg\/?page_id=67\">Qu\u00edmica<\/a><\/li>\n<li><a href=\"\/coltec-ufmg\/?page_id=844\">Biotecnologia<\/a><\/li>\n<li class=\"active disabled\"><a href=\"#\">Desenvolvimento de Apps M\u00f3veis<\/a><\/li>\n<\/ul>\n<\/nav>\n<div class=\"col-sm-9 col-xs-12 col-md-7 text-justify\">\n<h1>Sobre o curso<\/h1>\n<p>O Curso T\u00e9cnico em Desenvolvimento de Sistemas com \u00eanfase em Programa\u00e7\u00e3o de Dispositivos M\u00f3veis\u00a0\u00e9 um curso criado para quem j\u00e1 concluiu o ensino m\u00e9dio e deseja obter uma nova e s\u00f3lida forma\u00e7\u00e3o profissional de n\u00edvel t\u00e9cnico e realizado no hor\u00e1rio noturno.<\/p>\n<p>Objetiva formar profissionais capazes de desenvolver programas de computador para dispositivos m\u00f3veis seguindo as especifica\u00e7\u00f5es e paradigmas da l\u00f3gica de programa\u00e7\u00e3o e das linguagens de programa\u00e7\u00e3o; utilizar ambientes de desenvolvimento de sistemas, sistemas operacionais e banco de dados; realizar testes em programas de computador, mantendo registros que possibilitem an\u00e1lises e refinamento dos resultados; executar manuten\u00e7\u00e3o de programas de computadores implantados.<\/p>\n<p><a href=\"https:\/\/www.coltec.ufmg.br\/coltec-ufmg\/wp-content\/uploads\/2023\/05\/PPC___Desenvolvimento_de_Sistemas__Noturno____atualizacao_2021.pdf\" target=\"_blank\" rel=\"noopener\">Projeto Pedag\u00f3gico (vers\u00e3o 2023)<\/a><\/p>\n<p><a href=\"http:\/\/www.coltec.ufmg.br\/coltec-ufmg\/wp-content\/uploads\/2021\/05\/Matriz-curricular_Subsequente_DesenvSistemas_ABRIL_2021.pdf\" target=\"_blank\" rel=\"noopener\">Matriz curricular Subsequente Desenv. Sistemas (vers\u00e3o 2017)<\/a><\/p>\n<\/div>\n<\/div>\n<\/div>\n","protected":false},"excerpt":{"rendered":"<p>An\u00e1lises Cl\u00ednicas Automa\u00e7\u00e3o Industrial Desenvolvimento de Sistemas Eletr\u00f4nica Qu\u00edmica Biotecnologia Desenvolvimento de Apps M\u00f3veis Sobre o curso O Curso T\u00e9cnico em Desenvolvimento de Sistemas com \u00eanfase em Programa\u00e7\u00e3o de Dispositivos M\u00f3veis\u00a0\u00e9 um curso criado para quem j\u00e1 concluiu o ensino m\u00e9dio e deseja obter uma nova e s\u00f3lida forma\u00e7\u00e3o profissional de n\u00edvel t\u00e9cnico e realizado [&hellip;]<\/p>\n","protected":false},"author":1,"featured_media":0,"parent":57,"menu_order":0,"comment_status":"closed","ping_status":"closed","template":"","meta":{"footnotes":""},"publishpress_future_action":{"enabled":false,"date":"1969-12-31 21:00:00","action":"","terms":[],"taxonomy":"","browser_timezone_offset":0},"_links":{"self":[{"href":"https:\/\/www.coltec.ufmg.br\/coltec-ufmg\/index.php?rest_route=\/wp\/v2\/pages\/1551"}],"collection":[{"href":"https:\/\/www.coltec.ufmg.br\/coltec-ufmg\/index.php?rest_route=\/wp\/v2\/pages"}],"about":[{"href":"https:\/\/www.coltec.ufmg.br\/coltec-ufmg\/index.php?rest_route=\/wp\/v2\/types\/page"}],"author":[{"embeddable":true,"href":"https:\/\/www.coltec.ufmg.br\/coltec-ufmg\/index.php?rest_route=\/wp\/v2\/users\/1"}],"replies":[{"embeddable":true,"href":"https:\/\/www.coltec.ufmg.br\/coltec-ufmg\/index.php?rest_route=%2Fwp%2Fv2%2Fcomments&post=1551"}],"version-history":[{"count":19,"href":"https:\/\/www.coltec.ufmg.br\/coltec-ufmg\/index.php?rest_route=\/wp\/v2\/pages\/1551\/revisions"}],"predecessor-version":[{"id":11732,"href":"https:\/\/www.coltec.ufmg.br\/coltec-ufmg\/index.php?rest_route=\/wp\/v2\/pages\/1551\/revisions\/11732"}],"up":[{"embeddable":true,"href":"https:\/\/www.coltec.ufmg.br\/coltec-ufmg\/index.php?rest_route=\/wp\/v2\/pages\/57"}],"wp:attachment":[{"href":"https:\/\/www.coltec.ufmg.br\/coltec-ufmg\/index.php?rest_route=%2Fwp%2Fv2%2Fmedia&parent=1551"}],"curies":[{"name":"wp","href":"https:\/\/api.w.org\/{rel}","templated":true}]}}