{"id":16,"date":"2017-07-11T14:03:41","date_gmt":"2017-07-11T17:03:41","guid":{"rendered":"http:\/\/150.164.129.71\/coltec\/?page_id=16"},"modified":"2021-12-19T22:40:10","modified_gmt":"2021-12-20T01:40:10","slug":"administracao","status":"publish","type":"page","link":"https:\/\/www.coltec.ufmg.br\/coltec-ufmg\/?page_id=16","title":{"rendered":"Administra\u00e7\u00e3o"},"content":{"rendered":"<div class=\"container-fluid\">\n<div style=\"margin-top: 1%;\">\n<nav class=\"scrollspy col-sm-4 col-xs-13\">\n<ul class=\"nav nav-pills nav-stacked\">\n<li class=\"active disabled\"><a href=\"\/coltec\/administracao\/\">Administra\u00e7\u00e3o<\/a><\/li>\n<li><a href=\"\/coltec-ufmg\/?page_id=20\">CADEC<\/a><\/li>\n<li><a href=\"\/coltec-ufmg\/?page_id=30\">COPEP (Coordenadoria Pedag\u00f3gica do Ensino Profissional)<\/a><\/li>\n<li><a href=\"\/coltec-ufmg\/?page_id=34\">Diretoria<\/a><\/li>\n<li><a href=\"\/coltec-ufmg\/?page_id=36\">Setor de Compras<\/a><\/li>\n<li><a href=\"\/coltec-ufmg\/?page_id=2822\">Setor Financeiro<\/a><\/li>\n<li><a href=\"\/coltec-ufmg\/?page_id=2503\">Setor de Patrim\u00f4nio<\/a><\/li>\n<li><a href=\"\/coltec-ufmg\/?page_id=1418\">Setor de Pessoal<\/a><\/li>\n<li><a href=\"\/coltec-ufmg\/?page_id=8731\">Setor de Tecnologia da Informa\u00e7\u00e3o <\/a><\/li>\n<\/ul>\n<\/nav>\n<\/div>\n<div class=\"col-sm-10 sol-xs-13\">\n<h2>Administra\u00e7\u00e3o COLTEC \/ UFMG<\/h2>\n<\/div>\n<\/div>\n","protected":false},"excerpt":{"rendered":"<p>Administra\u00e7\u00e3o CADEC COPEP (Coordenadoria Pedag\u00f3gica do Ensino Profissional) Diretoria Setor de Compras Setor Financeiro Setor de Patrim\u00f4nio Setor de Pessoal Setor de Tecnologia da Informa\u00e7\u00e3o Administra\u00e7\u00e3o COLTEC \/ UFMG<\/p>\n","protected":false},"author":1,"featured_media":0,"parent":0,"menu_order":0,"comment_status":"closed","ping_status":"closed","template":"","meta":{"footnotes":""},"publishpress_future_action":{"enabled":false,"date":"1969-12-31 21:00:00","action":"","terms":[],"taxonomy":"","browser_timezone_offset":0},"_links":{"self":[{"href":"https:\/\/www.coltec.ufmg.br\/coltec-ufmg\/index.php?rest_route=\/wp\/v2\/pages\/16"}],"collection":[{"href":"https:\/\/www.coltec.ufmg.br\/coltec-ufmg\/index.php?rest_route=\/wp\/v2\/pages"}],"about":[{"href":"https:\/\/www.coltec.ufmg.br\/coltec-ufmg\/index.php?rest_route=\/wp\/v2\/types\/page"}],"author":[{"embeddable":true,"href":"https:\/\/www.coltec.ufmg.br\/coltec-ufmg\/index.php?rest_route=\/wp\/v2\/users\/1"}],"replies":[{"embeddable":true,"href":"https:\/\/www.coltec.ufmg.br\/coltec-ufmg\/index.php?rest_route=%2Fwp%2Fv2%2Fcomments&post=16"}],"version-history":[{"count":37,"href":"https:\/\/www.coltec.ufmg.br\/coltec-ufmg\/index.php?rest_route=\/wp\/v2\/pages\/16\/revisions"}],"predecessor-version":[{"id":8737,"href":"https:\/\/www.coltec.ufmg.br\/coltec-ufmg\/index.php?rest_route=\/wp\/v2\/pages\/16\/revisions\/8737"}],"wp:attachment":[{"href":"https:\/\/www.coltec.ufmg.br\/coltec-ufmg\/index.php?rest_route=%2Fwp%2Fv2%2Fmedia&parent=16"}],"curies":[{"name":"wp","href":"https:\/\/api.w.org\/{rel}","templated":true}]}}