{"id":1809,"date":"2018-06-22T15:06:24","date_gmt":"2018-06-22T18:06:24","guid":{"rendered":"http:\/\/150.164.129.71\/coltec\/?page_id=1809"},"modified":"2018-06-29T14:31:50","modified_gmt":"2018-06-29T17:31:50","slug":"prorh-ufmg","status":"publish","type":"page","link":"https:\/\/www.coltec.ufmg.br\/coltec-ufmg\/?page_id=1809","title":{"rendered":"PRORH &#8211; UFMG"},"content":{"rendered":"<div class=\"container-fluid\">\n<div style=\"margin-top: 1%;\">\n<nav class=\"scrollspy col-sm-3 col-xs-12\">\n<ul class=\"nav nav-pills nav-stacked\">\n<li><a href=\"\/coltec-ufmg\/?page_id=1802\" rel=\"noopener\">Afastamento na UFMG<\/a><\/li>\n<li><a href=\"\/coltec-ufmg\/?page_id=1806\" rel=\"noopener\">Portal Minha UFMG<\/a><\/li>\n<li class=\"active disabled\"><a href=\"\/coltec\/administracao\/secao-de-pessoal\/prorh-ufmg\/\">PRORH UFMG<\/a><\/li>\n<li><a href=\"\/coltec-ufmg\/?page_id=1804\">SIGAC (Sistema de Gest\u00e3o de Acesso)<\/a><\/li>\n<\/ul>\n<\/nav>\n<\/div>\n<div class=\"col-sm-9 com-xs-12\">\n<h2>Formul\u00e1rios da Pr\u00f3-Reitoria de Recursos Humanos da\u00a0 UFMG.<\/h2>\n<p>Clique <a href=\"https:\/\/www.ufmg.br\/prorh\/formulario-2\/\" target=\"_blank\" rel=\"noopener\">aqui<\/a> para acessar.<\/div>\n","protected":false},"excerpt":{"rendered":"<p>Afastamento na UFMG Portal Minha UFMG PRORH UFMG SIGAC (Sistema de Gest\u00e3o de Acesso) Formul\u00e1rios da Pr\u00f3-Reitoria de Recursos Humanos da\u00a0 UFMG. Clique aqui para acessar.<\/p>\n","protected":false},"author":1,"featured_media":0,"parent":1418,"menu_order":0,"comment_status":"closed","ping_status":"closed","template":"","meta":{"footnotes":""},"publishpress_future_action":{"enabled":false,"date":"1969-12-31 21:00:00","action":"","terms":[],"taxonomy":"","browser_timezone_offset":0},"_links":{"self":[{"href":"https:\/\/www.coltec.ufmg.br\/coltec-ufmg\/index.php?rest_route=\/wp\/v2\/pages\/1809"}],"collection":[{"href":"https:\/\/www.coltec.ufmg.br\/coltec-ufmg\/index.php?rest_route=\/wp\/v2\/pages"}],"about":[{"href":"https:\/\/www.coltec.ufmg.br\/coltec-ufmg\/index.php?rest_route=\/wp\/v2\/types\/page"}],"author":[{"embeddable":true,"href":"https:\/\/www.coltec.ufmg.br\/coltec-ufmg\/index.php?rest_route=\/wp\/v2\/users\/1"}],"replies":[{"embeddable":true,"href":"https:\/\/www.coltec.ufmg.br\/coltec-ufmg\/index.php?rest_route=%2Fwp%2Fv2%2Fcomments&post=1809"}],"version-history":[{"count":5,"href":"https:\/\/www.coltec.ufmg.br\/coltec-ufmg\/index.php?rest_route=\/wp\/v2\/pages\/1809\/revisions"}],"predecessor-version":[{"id":2145,"href":"https:\/\/www.coltec.ufmg.br\/coltec-ufmg\/index.php?rest_route=\/wp\/v2\/pages\/1809\/revisions\/2145"}],"up":[{"embeddable":true,"href":"https:\/\/www.coltec.ufmg.br\/coltec-ufmg\/index.php?rest_route=\/wp\/v2\/pages\/1418"}],"wp:attachment":[{"href":"https:\/\/www.coltec.ufmg.br\/coltec-ufmg\/index.php?rest_route=%2Fwp%2Fv2%2Fmedia&parent=1809"}],"curies":[{"name":"wp","href":"https:\/\/api.w.org\/{rel}","templated":true}]}}