{"id":1868,"date":"2018-06-22T22:24:15","date_gmt":"2018-06-23T01:24:15","guid":{"rendered":"http:\/\/150.164.129.71\/coltec\/?page_id=1868"},"modified":"2018-06-25T16:50:17","modified_gmt":"2018-06-25T19:50:17","slug":"intercambio","status":"publish","type":"page","link":"https:\/\/www.coltec.ufmg.br\/coltec-ufmg\/?page_id=1868","title":{"rendered":"Interc\u00e2mbio"},"content":{"rendered":"<div class=\"container-fluid\">\n<div class=\"row\">\n<div class=\"col-md-6 col-md-offset-3 col-lg-6 col-lg-offset-3 col-sm-6 col-sm-offset-3 col-xs-12\">\n<div class=\"list-group noticias-i\"><a class=\"text-center lead list-group-item list-group-item-action active\">Not\u00edcias Interc\u00e2mbio<\/a><br \/>\n\t\t\t\t<style>.wp-show-posts-columns#wpsp-1894 {margin-left: -1em; }.wp-show-posts-columns#wpsp-1894 .wp-show-posts-inner {margin: 0 0 1em 1em; }<\/style><section id=\"wpsp-1894\" class=\" wp-show-posts\" style=\"\"><article class=\" wp-show-posts-single wpsp-clearfix post-6177 post type-post status-publish format-standard has-post-thumbnail hentry category-eventos category-intercambio\" itemtype=\"http:\/\/schema.org\/CreativeWork\" itemscope><div class=\"wp-show-posts-inner\" style=\"\">\t\t\t\t\t\t<header class=\"wp-show-posts-entry-header\">\n\t\t\t\t\t\t\t<h3 class=\"wp-show-posts-entry-title\" itemprop=\"headline\"><a href=\"https:\/\/www.coltec.ufmg.br\/coltec-ufmg\/?p=6177\" rel=\"bookmark\">Ex-Coltecano e Intercambista Israel Borges pesquisa Covid-19 na UFMG<\/a><\/h3><div class=\"wp-show-posts-entry-meta wp-show-posts-entry-meta-below-title post-meta-inline\"><span class=\"wp-show-posts-posted-on wp-show-posts-meta\">\n\t\t\t\t\t<a href=\"https:\/\/www.coltec.ufmg.br\/coltec-ufmg\/?p=6177\" title=\"17:19\" rel=\"bookmark\"><time class=\"wp-show-posts-entry-date published\" datetime=\"2020-09-14T17:19:18-03:00\" itemprop=\"datePublished\">14\/09\/2020<\/time><time class=\"wp-show-posts-updated\" datetime=\"2020-09-14T17:25:35-03:00\" itemprop=\"dateModified\">14\/09\/2020<\/time><\/a>\n\t\t\t\t<\/span><\/div>\t\t\t\t\t\t<\/header><!-- .entry-header -->\n\t\t\t\t\t\t\t<div class=\"wp-show-posts-image  wpsp-image-center \">\n\t\t\t<a href=\"https:\/\/www.coltec.ufmg.br\/coltec-ufmg\/?p=6177\"  title=\"Ex-Coltecano e Intercambista Israel Borges pesquisa Covid-19 na UFMG\"><img width=\"1185\" height=\"685\" src=\"https:\/\/www.coltec.ufmg.br\/coltec-ufmg\/wp-content\/uploads\/2020\/09\/israel-.png\" class=\"attachment-full size-full wp-post-image\" alt=\"\" decoding=\"async\" itemprop=\"image\" srcset=\"https:\/\/www.coltec.ufmg.br\/coltec-ufmg\/wp-content\/uploads\/2020\/09\/israel-.png 1185w, https:\/\/www.coltec.ufmg.br\/coltec-ufmg\/wp-content\/uploads\/2020\/09\/israel--300x173.png 300w, https:\/\/www.coltec.ufmg.br\/coltec-ufmg\/wp-content\/uploads\/2020\/09\/israel--768x444.png 768w, https:\/\/www.coltec.ufmg.br\/coltec-ufmg\/wp-content\/uploads\/2020\/09\/israel--1024x592.png 1024w\" sizes=\"(max-width: 1185px) 100vw, 1185px\" \/><\/a>\t\t<\/div>\n\t\t\t\t\t\t\t\t<div class=\"wp-show-posts-entry-summary\" itemprop=\"text\">\n\t\t\t\t\t\t\t<p>O Coltecano e Intercambista, Israel J\u00fanior Borges, j\u00e1 se destacava como pesquisador em n\u00edvel J\u00fanior em suas atividades de investiga\u00e7\u00e3o na \u00e1rea da sa\u00fade em seu interc\u00e2mbio para C\u00f3rdoba no&#8230;<\/p>\n\t\t\t\t\t\t<\/div><!-- .entry-summary -->\n\t\t\t\t\t<\/div><!-- wp-show-posts-inner --><div class=\"wpsp-clear\"><\/div><\/article><article class=\" wp-show-posts-single wpsp-clearfix post-1896 post type-post status-publish format-standard hentry category-intercambio\" itemtype=\"http:\/\/schema.org\/CreativeWork\" itemscope><div class=\"wp-show-posts-inner\" style=\"\">\t\t\t\t\t\t<header class=\"wp-show-posts-entry-header\">\n\t\t\t\t\t\t\t<h3 class=\"wp-show-posts-entry-title\" itemprop=\"headline\"><a href=\"https:\/\/www.coltec.ufmg.br\/coltec-ufmg\/?p=1896\" rel=\"bookmark\">Coltec na \u00cdndia 2017<\/a><\/h3><div class=\"wp-show-posts-entry-meta wp-show-posts-entry-meta-below-title post-meta-inline\"><span class=\"wp-show-posts-posted-on wp-show-posts-meta\">\n\t\t\t\t\t<a href=\"https:\/\/www.coltec.ufmg.br\/coltec-ufmg\/?p=1896\" title=\"17:49\" rel=\"bookmark\"><time class=\"wp-show-posts-entry-date published\" datetime=\"2018-06-23T17:49:21-03:00\" itemprop=\"datePublished\">23\/06\/2018<\/time><time class=\"wp-show-posts-updated\" datetime=\"2018-06-25T17:36:19-03:00\" itemprop=\"dateModified\">25\/06\/2018<\/time><\/a>\n\t\t\t\t<\/span><\/div>\t\t\t\t\t\t<\/header><!-- .entry-header -->\n\t\t\t\t\t\t\t\t\t\t\t<div class=\"wp-show-posts-entry-summary\" itemprop=\"text\">\n\t\t\t\t\t\t\t<p>Coltec na \u00cdndia 2017 Estudantes do COLTEC paraticiparam da 4th International Youth Convention on Commerce &#038; Economics (IYCCE), realizada de 28 a 31 de outubro na World Unity Convention Center,&#8230;<\/p>\n\t\t\t\t\t\t<\/div><!-- .entry-summary -->\n\t\t\t\t\t<\/div><!-- wp-show-posts-inner --><div class=\"wpsp-clear\"><\/div><\/article><\/section><!-- .wp-show-posts -->\n\t\t\t<\/div>\n<\/p><\/div>\n<\/p><\/div>\n<\/div>\n","protected":false},"excerpt":{"rendered":"<p>Not\u00edcias Interc\u00e2mbio<\/p>\n","protected":false},"author":1,"featured_media":0,"parent":1487,"menu_order":0,"comment_status":"closed","ping_status":"closed","template":"","meta":{"footnotes":""},"publishpress_future_action":{"enabled":false,"date":"1969-12-31 21:00:00","action":"","terms":[],"taxonomy":"","browser_timezone_offset":0},"_links":{"self":[{"href":"https:\/\/www.coltec.ufmg.br\/coltec-ufmg\/index.php?rest_route=\/wp\/v2\/pages\/1868"}],"collection":[{"href":"https:\/\/www.coltec.ufmg.br\/coltec-ufmg\/index.php?rest_route=\/wp\/v2\/pages"}],"about":[{"href":"https:\/\/www.coltec.ufmg.br\/coltec-ufmg\/index.php?rest_route=\/wp\/v2\/types\/page"}],"author":[{"embeddable":true,"href":"https:\/\/www.coltec.ufmg.br\/coltec-ufmg\/index.php?rest_route=\/wp\/v2\/users\/1"}],"replies":[{"embeddable":true,"href":"https:\/\/www.coltec.ufmg.br\/coltec-ufmg\/index.php?rest_route=%2Fwp%2Fv2%2Fcomments&post=1868"}],"version-history":[{"count":10,"href":"https:\/\/www.coltec.ufmg.br\/coltec-ufmg\/index.php?rest_route=\/wp\/v2\/pages\/1868\/revisions"}],"predecessor-version":[{"id":1998,"href":"https:\/\/www.coltec.ufmg.br\/coltec-ufmg\/index.php?rest_route=\/wp\/v2\/pages\/1868\/revisions\/1998"}],"up":[{"embeddable":true,"href":"https:\/\/www.coltec.ufmg.br\/coltec-ufmg\/index.php?rest_route=\/wp\/v2\/pages\/1487"}],"wp:attachment":[{"href":"https:\/\/www.coltec.ufmg.br\/coltec-ufmg\/index.php?rest_route=%2Fwp%2Fv2%2Fmedia&parent=1868"}],"curies":[{"name":"wp","href":"https:\/\/api.w.org\/{rel}","templated":true}]}}