{"id":30,"date":"2017-07-11T14:08:12","date_gmt":"2017-07-11T17:08:12","guid":{"rendered":"http:\/\/150.164.129.71\/coltec\/?page_id=30"},"modified":"2025-09-26T15:47:20","modified_gmt":"2025-09-26T18:47:20","slug":"copep-coordenadoria-pedagogica-do-ensino-profissional","status":"publish","type":"page","link":"https:\/\/www.coltec.ufmg.br\/coltec-ufmg\/?page_id=30","title":{"rendered":"Coordenadoria Pedag\u00f3gica da Educa\u00e7\u00e3o Profissional (COPEP)"},"content":{"rendered":"\n<h3 class=\"wp-block-heading has-text-align-center\"><strong>INFORMA\u00c7\u00d5ES PARA:<\/strong><\/h3>\n\n\n\n<div class=\"wp-block-buttons is-content-justification-center is-layout-flex wp-container-1 wp-block-buttons-is-layout-flex\">\n<div class=\"wp-block-button is-style-outline\"><a class=\"wp-block-button__link wp-element-button\" href=\"https:\/\/www.coltec.ufmg.br\/coltec-ufmg\/?page_id=8465\" target=\"_blank\" rel=\"noreferrer noopener\"><strong>Discentes do Integrado<\/strong><\/a><\/div>\n\n\n\n<div class=\"wp-block-button is-style-outline\"><a class=\"wp-block-button__link wp-element-button\" href=\"https:\/\/www.coltec.ufmg.br\/coltec-ufmg\/?page_id=8469\" target=\"_blank\" rel=\"noreferrer noopener\"><strong>Discentes do Subsequente<\/strong><\/a><\/div>\n\n\n\n<div class=\"wp-block-button is-style-outline\"><a class=\"wp-block-button__link wp-element-button\" href=\"https:\/\/www.coltec.ufmg.br\/coltec-ufmg\/?page_id=8462\" target=\"_blank\" rel=\"noreferrer noopener\"><strong>Docentes<\/strong><\/a><\/div>\n<\/div>\n\n\n<div class=\"container\" style=\"margin-top: 1%;\">\n<div class=\"row\">\n<div class=\"col-xs-12\">\n<p><strong>A COPEP <\/strong>\u00e9 a inst\u00e2ncia da Escola de Educa\u00e7\u00e3o B\u00e1sica e Profissional encarregada de organizar, propor e avaliar as atividades do Ensino Profissional na UFMG.<\/p>\n<p><strong>ATRIBUI\u00c7\u00d5ES:<\/strong><\/p>\n<ol>\n<li>Elaborar projetos para a integra\u00e7\u00e3o da educa\u00e7\u00e3o profissional com os cursos de gradua\u00e7\u00e3o da universidade;<\/li>\n<li>Alocar os encargos did\u00e1ticos dos professores;<\/li>\n<li>Propor mudan\u00e7as curriculares;<\/li>\n<li>Normatizar as atividades de ensino;<\/li>\n<li>Definir quest\u00f5es relativas ao processo seletivo dos ingressantes;<\/li>\n<li>Decidir quest\u00f5es relativas \u00e0 matr\u00edcula e transfer\u00eancia de alunos.<\/li>\n<\/ol>\n<p><strong>COMPOSI\u00c7\u00c3O:<\/strong><\/p>\n<table style=\"height: 389px; width: 113.668%; border-style: solid; border-color: #000000; background-color: #ffffff;\" width=\"113.668%\">\n<tbody>\n<tr style=\"height: 23px;\">\n<td style=\"width: 32.9158%; height: 23px; border-style: solid; border-color: #000000; text-align: center; background-color: #ffffff;\">\n<pre><span style=\"font-size: 10pt; font-family: arial, helvetica, sans-serif;\"><strong>Coordenador<\/strong><\/span><\/pre>\n<\/td>\n<td style=\"width: 35.9887%; height: 23px; border-style: solid; border-color: #000000; background-color: #ffffff;\">\n<pre>Prof. Lucas Vin\u00edcius Ribeiro Alves<\/pre>\n<\/td>\n<\/tr>\n<tr style=\"height: 27px;\">\n<td style=\"width: 32.9158%; height: 27px; border-style: solid; border-color: #000000; text-align: center; background-color: #ffffff;\">\n<pre><span style=\"font-size: 10pt; font-family: arial, helvetica, sans-serif;\"><strong>Subcoordenador<\/strong><\/span><\/pre>\n<\/td>\n<td style=\"width: 35.9887%; height: 27px; border-style: solid; border-color: #000000; background-color: #ffffff;\">\n<pre>Prof. Gilberto do Vale Rodrigues<\/pre>\n<\/td>\n<\/tr>\n<tr style=\"height: 23px;\">\n<td style=\"width: 32.9158%; height: 46px; border-style: solid; border-color: #000000; text-align: center; background-color: #ffffff;\">\n<pre><span style=\"font-size: 10pt; font-family: arial, helvetica, sans-serif;\"><strong>Representante docente COLTEC\u00a0<\/strong><\/span><\/pre>\n<\/td>\n<td style=\"width: 35.9887%; height: 23px; border-style: solid; border-color: #000000; background-color: #ffffff;\">\n<pre>Profa. Meiriane Cristina Faria Soares Lima<\/pre>\n<\/td>\n<\/tr>\n<tr style=\"height: 23px;\">\n<td style=\"width: 32.9158%; height: 47px; border-style: solid; border-color: #000000; text-align: center; background-color: #ffffff;\">\n<pre><span style=\"font-size: 10pt; font-family: arial, helvetica, sans-serif;\"><strong>Representante docente COLTEC\u00a0<\/strong><\/span><\/pre>\n<\/td>\n<td style=\"width: 35.9887%; height: 23px; border-style: solid; border-color: #000000; background-color: #ffffff;\">\n<pre>Profa.\u00a0Josicelli Souza Crispim<\/pre>\n<\/td>\n<\/tr>\n<tr style=\"height: 24px;\">\n<td style=\"width: 32.9158%; height: 48px; border-style: solid; border-color: #000000; text-align: center; background-color: #ffffff;\">\n<pre><span style=\"font-size: 10pt; font-family: arial, helvetica, sans-serif;\"><strong>Representante docente COLTEC\u00a0<\/strong><\/span><\/pre>\n<\/td>\n<td style=\"width: 35.9887%; height: 24px; border-style: solid; border-color: #000000; background-color: #ffffff;\">\n<pre>Profa.\u00a0Camila Dias Lopes<\/pre>\n<\/td>\n<\/tr>\n<tr style=\"height: 24px;\">\n<td style=\"width: 32.9158%; height: 48px; border-style: solid; border-color: #000000; text-align: center; background-color: #ffffff;\">\n<pre><span style=\"font-size: 10pt; font-family: arial, helvetica, sans-serif;\"><strong>Representante docente COLTEC\u00a0<\/strong><\/span><\/pre>\n<\/td>\n<td style=\"width: 35.9887%; height: 24px; border-style: solid; border-color: #000000; background-color: #ffffff;\">\n<pre>Prof.\u00a0Eliezer Raimundo de Souza Costa<\/pre>\n<\/td>\n<\/tr>\n<tr style=\"height: 24px;\">\n<td style=\"width: 32.9158%; height: 48px; border-style: solid; border-color: #000000; text-align: center; background-color: #ffffff;\">\n<pre><span style=\"font-size: 10pt; font-family: arial, helvetica, sans-serif;\"><strong>Representa\u00e7\u00e3o discente do COLTEC<\/strong><\/span><\/pre>\n<\/td>\n<td style=\"width: 35.9887%; height: 24px; border-style: solid; border-color: #000000; background-color: #ffffff;\">\n<pre>Indica\u00e7\u00e3o pelo gr\u00eamio estudantil<\/pre>\n<\/td>\n<\/tr>\n<\/tbody>\n<\/table>\n<p><a href=\"https:\/\/drive.google.com\/file\/d\/1EvuOBm4wVGccGSIi1hMI-0-M_2WDzch8\/view?usp=sharing\" target=\"_blank\" rel=\"noopener\"><strong>CALEND\u00c1RIO DE REUNI\u00d5ES 2022<\/strong><\/a><\/p>\n<p><strong><a href=\"https:\/\/drive.google.com\/drive\/folders\/1iBLYbFTgxOn-qZcLq8CqoQ4TAHFvWrVG?usp=sharing\">ATAS<\/a><\/strong><\/p>\n<p><strong>CONTATO<\/strong>:<em><a href=\"mailto:copep@teiacoltec.org\"> copep@teiacoltec.org<\/a>\u00a0<\/em><\/p>\n<\/div>\n<div class=\"col-xs-12\">\n<div class=\"col-xs-12\">\n<h5>\u00a0<\/h5>\n<\/div>\n<\/div>\n<\/div>\n<\/div>\n\n","protected":false},"excerpt":{"rendered":"<p>INFORMA\u00c7\u00d5ES PARA: A COPEP \u00e9 a inst\u00e2ncia da Escola de Educa\u00e7\u00e3o B\u00e1sica e Profissional encarregada de organizar, propor e avaliar as atividades do Ensino Profissional na UFMG. ATRIBUI\u00c7\u00d5ES: Elaborar projetos para a integra\u00e7\u00e3o da educa\u00e7\u00e3o profissional com os cursos de gradua\u00e7\u00e3o da universidade; Alocar os encargos did\u00e1ticos dos professores; Propor mudan\u00e7as curriculares; Normatizar as atividades [&hellip;]<\/p>\n","protected":false},"author":1,"featured_media":0,"parent":16,"menu_order":0,"comment_status":"closed","ping_status":"closed","template":"","meta":{"footnotes":""},"publishpress_future_action":{"enabled":false,"date":"1969-12-31 21:00:00","action":"","terms":[],"taxonomy":"","browser_timezone_offset":0},"_links":{"self":[{"href":"https:\/\/www.coltec.ufmg.br\/coltec-ufmg\/index.php?rest_route=\/wp\/v2\/pages\/30"}],"collection":[{"href":"https:\/\/www.coltec.ufmg.br\/coltec-ufmg\/index.php?rest_route=\/wp\/v2\/pages"}],"about":[{"href":"https:\/\/www.coltec.ufmg.br\/coltec-ufmg\/index.php?rest_route=\/wp\/v2\/types\/page"}],"author":[{"embeddable":true,"href":"https:\/\/www.coltec.ufmg.br\/coltec-ufmg\/index.php?rest_route=\/wp\/v2\/users\/1"}],"replies":[{"embeddable":true,"href":"https:\/\/www.coltec.ufmg.br\/coltec-ufmg\/index.php?rest_route=%2Fwp%2Fv2%2Fcomments&post=30"}],"version-history":[{"count":108,"href":"https:\/\/www.coltec.ufmg.br\/coltec-ufmg\/index.php?rest_route=\/wp\/v2\/pages\/30\/revisions"}],"predecessor-version":[{"id":15896,"href":"https:\/\/www.coltec.ufmg.br\/coltec-ufmg\/index.php?rest_route=\/wp\/v2\/pages\/30\/revisions\/15896"}],"up":[{"embeddable":true,"href":"https:\/\/www.coltec.ufmg.br\/coltec-ufmg\/index.php?rest_route=\/wp\/v2\/pages\/16"}],"wp:attachment":[{"href":"https:\/\/www.coltec.ufmg.br\/coltec-ufmg\/index.php?rest_route=%2Fwp%2Fv2%2Fmedia&parent=30"}],"curies":[{"name":"wp","href":"https:\/\/api.w.org\/{rel}","templated":true}]}}