{"id":41,"date":"2017-07-11T14:11:45","date_gmt":"2017-07-11T17:11:45","guid":{"rendered":"http:\/\/150.164.129.71\/coltec\/?page_id=41"},"modified":"2018-07-12T22:04:37","modified_gmt":"2018-07-13T01:04:37","slug":"estagio-curriculum","status":"publish","type":"page","link":"https:\/\/www.coltec.ufmg.br\/coltec-ufmg\/?page_id=41","title":{"rendered":"Est\u00e1gio &#8211; Curriculum"},"content":{"rendered":"<div class=\"container-fluid\">\n<div style=\"margin-top: 1%;\">\n<nav class=\"scrollspy col-sm-3 col-xs-12\">\n<ul class=\"nav nav-pills nav-stacked\">\n<li><a href=\"\/coltec-ufmg\/?page_id=38\">Principal<\/a><\/li>\n<li class=\"active disabled\"><a href=\"#\">Curriculum<\/a><\/li>\n<li><a href=\"\/coltec-ufmg\/?page_id=43\">Orienta\u00e7\u00f5es<\/a><\/li>\n<li><a href=\"\/coltec-ufmg\/?page_id=45\">Resolu\u00e7\u00e3o CNE<\/a><\/li>\n<li><a href=\"javascript:void(0);\"><span data-toggle=\"tooltip\" data-placement=\"top\" title=\"Em breve\">Vagas de est\u00e1gio<\/span><\/a><\/li>\n<\/ul>\n<\/nav>\n<div class=\"col-sm-9 col-xs-12\" style=\"text-align: justify\">\n<h4>Elabore seu Curr\u00edculo<\/h4>\n<p><strong>O CURR\u00cdCULO<\/strong><\/p>\n<p>O candidato deve definir seu objetivo e suas principais habilidades. Indique seus pontos fortes e mostre seguran\u00e7a no que escreve.<\/p>\n<p>N\u00e3o escreva um jornal, na maioria das vezes, uma frase bem feita causa muito mais efeito.<\/p>\n<p>Muito cuidado com erros de ortografia.<\/p>\n<p>Coloque sua foto no curr\u00edculo. Muitas empresas solicitam fotos de seus candidatos. Quando for tirar c\u00f3pias do seu curr\u00edculo, anexe uma foto no topo, do lado direito.<\/p>\n<p>Elabore uma carta para acompanhar o curr\u00edculo.<\/p>\n<p><strong>A REDA\u00c7\u00c3O<\/strong><\/p>\n<p>Ap\u00f3s definir seus objetivos para uma nova coloca\u00e7\u00e3o, fa\u00e7a seu curr\u00edculo dirigido \u00e0s suas expectativas e necessidades.<\/p>\n<p>Enfatize, valorize sua \u00e1rea de atua\u00e7\u00e3o.<\/p>\n<p>Se voc\u00ea tem um curr\u00edculo antigo, n\u00e3o contente-se em apenas acrescentar alguns dados, tirar c\u00f3pia e enviar \u00e0s empresas. D\u00ea uma aten\u00e7\u00e3o especial para sua nova carreira. Todos os aspectos s\u00e3o muito importantes. O mercado hoje est\u00e1 muito competitivo.<\/p>\n<p>Especifique sempre sua escolaridade, mesmo estando incompleta ou interrompida.<\/p>\n<p><strong>CURR\u00cdCULO PARA INTERNET<\/strong><\/p>\n<p>Se voc\u00ea \u00e9 usu\u00e1rio da Internet ou tem um Webcurriculum, n\u00e3o se esque\u00e7a de colocar o seu e-mail.<\/p>\n<p>Evite colocar seu endere\u00e7o, apenas especifique seu e-mail ou telefone para contato, bairro e cidade.<\/p>\n<p>Alguns empregadores t\u00eam prefer\u00eancias espec\u00edficas, por isso voc\u00ea deve colocar Bairro e Cidade no Webcurriculum.<\/p>\n<p>Evite colocar fotos em curr\u00edculos dispon\u00edveis na internet.<\/p>\n<p><strong>TEND\u00caNCIAS DO MERCADO<\/strong><\/p>\n<p>Atualize seu curr\u00edculo tamb\u00e9m na apar\u00eancia. O mercado aprimorou seus m\u00e9todos, j\u00e1 que o processo de sele\u00e7\u00e3o est\u00e1 cada vez maior. Logo, a m\u00e3o-de-obra especializada se valorizou.<\/p>\n<p>Seu curr\u00edculo \u00e9 o primeiro contato. Ele deve ser espec\u00edfico e de f\u00e1cil leitura, para que o leitor n\u00e3o o descarte.<\/p>\n<p>Deve conter no m\u00e1ximo 3 p\u00e1ginas, que variam de acordo com sua experi\u00eancia profissional.<\/p>\n<p><strong>FONTE DE INFORMA\u00c7\u00d5ES<\/strong><\/p>\n<p>Este tamb\u00e9m \u00e9 um dos objetivos do curr\u00edculo.<\/p>\n<p>Para que o curr\u00edculo seja eficaz, dedique-se o tempo que for preciso e cuidados ao redigi-lo, at\u00e9 chegar \u00e0 vers\u00e3o definitiva.<\/p>\n<p>Se voc\u00ea tem a inten\u00e7\u00e3o de atuar em mais de uma \u00e1rea, fa\u00e7a um curr\u00edculo abrangente, mudando apenas a carta de apresenta\u00e7\u00e3o.<\/p>\n<p><strong>N\u00c3O COLOQUE NO CURR\u00cdCULO<\/strong><\/p>\n<p>Filia\u00e7\u00e3o<\/p>\n<p>Nome e idade dos filhos<\/p>\n<p>N\u00famero dos documentos<\/p>\n<p>Cursos em excesso ou fora do perfil profissional<\/p>\n<p>Linguagem confusa<\/p>\n<p>Descri\u00e7\u00e3o muito detalhada<\/p>\n<p>Assinatura<\/p>\n<p>Pretens\u00e3o salarial &#8211; muitas vezes a empresa n\u00e3o est\u00e1 disposta a pagar, mas seu curr\u00edculo chama a aten\u00e7\u00e3o e voc\u00ea poder\u00e1 conseguir o que quer, pois provou que possui conhecimentos que valem muito para a empresa.<\/p>\n<p><strong>PRIMEIRO EMPREGO OU POUCA EXPERI\u00caNCIA<\/strong><\/p>\n<p>Caso o profissional tenha pouca experi\u00eancia ou queira mudar de atua\u00e7\u00e3o, o melhor \u00e9 a carta-curr\u00edculo.<\/p>\n<p>\u00c9 bastante eficiente e n\u00e3o deve ultrapassar 1 p\u00e1gina, devendo conter os mesmos itens do curr\u00edculo.<\/p>\n<p>Deve ser assinada pelo profissional.<\/p>\n<p>Todos os dados devem ser verdadeiros, pois muitas empresas checam as informa\u00e7\u00f5es na entrevista.<br \/>\n<strong><\/p>\n<p>ELABORA\u00c7\u00c3O DO CURR\u00cdCULO ATUAL<\/strong><\/p>\n<p>Na primeira p\u00e1gina:<\/p>\n<p>Nome completo do candidato em destaque, no alto da p\u00e1gina.<\/p>\n<p>Endere\u00e7o residencial completo, inclusive CEP, DDD, telefone para recados e nome da pessoa que ir\u00e1 receber o recado.<\/p>\n<p>Dados pessoais como idade, estado civil, n\u00famero de filhos, nacionalidade, telefone.<\/p>\n<p>Objetivo profissional deve conter o cargo que se pretende ocupar e a \u00e1rea de atua\u00e7\u00e3o, abaixo do cabe\u00e7alho, em destaque.<\/p>\n<p>Descri\u00e7\u00e3o de experi\u00eancia profissional, que pode ser feita por ordem de cargos, empresas sem datas, a partir do \u00faltimo emprego, pela forma\u00e7\u00e3o, experi\u00eancia t\u00e9cnica ou gerencial, etc. Fica a sua escolha.<\/p>\n<p>Na segunda ou terceira p\u00e1gina:<\/p>\n<p>Forma\u00e7\u00e3o acad\u00eamica e cursos de aperfei\u00e7oamento, deve ser colocado o nome do curso e a institui\u00e7\u00e3o onde foi realizado. Escolaridade, cursos de especializa\u00e7\u00e3o, p\u00f3s-gradua\u00e7\u00e3o, t\u00e9cnicos, espec\u00edficos, etc. Mas procure n\u00e3o fugir do seu perfil profissional.<\/p>\n<p>Idiomas deve ser mencionado o grau de conhecimento. Exemplo: ingl\u00eas &#8211; n\u00edvel b\u00e1sico.<\/p>\n<p>Outras informa\u00e7\u00f5es como conhecimentos de computadores, viagens, caracter\u00edsticas especiais, etc.<\/p>\n<p>Experi\u00eancia profissional inicia-se pela atual, contendo ano de entrada e sa\u00edda, nome da empresa e cargo ocupado.<\/p>\n<p>Descri\u00e7\u00e3o breve das atividades desenvolvidas e resultados obtidos para n\u00e3o surgirem d\u00favidas quanto ao perfil. A partir da\u00ed, voc\u00ea ser\u00e1 diferenciado de outros profissionais.<\/p>\n<p>As informa\u00e7\u00f5es devem ser colocadas por ordem de import\u00e2ncia, tendo assim um resultado especial.<\/p>\n<p>Informe primeiro suas realiza\u00e7\u00f5es, conquistas, atividades mais significativas e mais relacionadas com o cargo desejado. Depois coloque as outras informa\u00e7\u00f5es que podem ser \u00fateis.<\/p>\n<p>Se seu curr\u00edculo for por ordem cronol\u00f3gica, utilize tipos diferentes de letras para destacar em cada empresa o que for mais importante.<\/p>\n<p>Escreva o suficiente para informar e despertar o interesse. N\u00e3o limite as informa\u00e7\u00f5es.<\/p>\n<p>Utilize dados quantitativos, use express\u00f5es positivas e de efeito.<\/p>\n<p>Direcione seu curr\u00edculo para o objetivo que voc\u00ea tra\u00e7ou inicialmente.<\/p>\n<p>Para o empregador, voc\u00ea \u00e9 aquilo que seu curr\u00edculo apresenta.<\/p>\n<p>Seja completo, claro e objetivo nas informa\u00e7\u00f5es.<\/p>\n<p><\/br><\/p>\n<h3> Modelo de Curr\u00edculo <\/h3>\n<p><strong>Nome<\/strong>: FULANO DE TAL[seu nome completo]<\/p>\n<p>Rua Tal, 07 [seu endere\u00e7o completo]<br \/>\nBairro: Taltal<br \/>\nBelo Horizonte \/ Capital [estado]<br \/>\nData de Nascimento: 15\/12\/1970 [data de nascimento ou idade]<br \/>\nFone: (11) 555-5555 [telefones para contato &#8211; m\u00f3vel e fixo]<br \/>\ne-mail: fulano@fulano.net [e-mail, se tiver]<\/p>\n<p><strong>Objetivo<\/strong>: \u00c1rea Administrativa<\/p>\n<p><strong>\u00c1rea de Interesse:<\/strong> Gerente<\/p>\n<p><strong>Resumo das Qualifica\u00e7\u00f5es:<\/strong><br \/>\n[Relate aqui os aspectos mais importantes da sua experi\u00eancia profissional. D\u00ea \u00eanfase \u00e0s suas compet\u00eancias adquiridas ao longo dos anos. Relacione sempre em ordem decrescente de import\u00e2ncia, valorizando sua experi\u00eancia mais atual. Use frases curtas e par\u00e1grafos pequenos, com linguagem clara e objetiva.]<\/p>\n<p>Mais de 5 anos de carreira em empresas de grande porte e multinacionais tendo com \u00eanfase em gerenciamento de mudan\u00e7as organizadoras, decorrentes de restrutura\u00e7\u00e3o de processos e da implanta\u00e7\u00e3o de sistemas inteligentes.<\/p>\n<p>S\u00f3lida viv\u00eancia em Planejamento da capacita\u00e7\u00e3o dos colaboradores impactados pelas mudan\u00e7as, atrav\u00e9s da estrutura\u00e7\u00e3o e implementa\u00e7\u00e3o de Programas de Desenvolvimento.<\/p>\n<p>Desenvolvimento de Pesquisa de Clima e implementa\u00e7\u00e3o das a\u00e7\u00f5es conseq\u00fcentes.<\/p>\n<p>Significativa experi\u00eancia na implanta\u00e7\u00e3o de equipes de trabalho multinacionais, baseados nas compet\u00eancias necess\u00e1rias para seu melhor desempenho.<\/p>\n<p>Elabora\u00e7\u00e3o e implanta\u00e7\u00e3o do Projeto Intranet da SSS Tecnologia e Servi\u00e7os.<\/p>\n<p>Amplo dom\u00ednio de microinform\u00e1tica (MS Office, Oracle)<\/p>\n<p><strong>Experi\u00eancia Profissional<\/strong><br \/>\n[suas tr\u00eas \u00faltimas experi\u00eancias, em ordem decrescente e sua evolu\u00e7\u00e3o de carreira nestas empresas]<\/p>\n<p>SSS Tecnologia e Servi\u00e7os &#8211; 1995\/2002<br \/>\nEvolu\u00e7\u00e3o de Carreira: Coordenador de Projetos de Mudan\u00e7a Organizacional<br \/>\nEspecialista Senior em Desenvolvimento Organizacional<\/p>\n<p>Mylla S\/A &#8211; 1989\/1994<br \/>\nEvolu\u00e7\u00e3o de Carreira: Analista de Desenvolvimento de Recursos Humanos Junior<br \/>\nAnalista de Desenvolvimento de Recursos Humanos Senior<\/p>\n<p>Plenitudy Ltda &#8211; 1985\/1988<br \/>\nEvolu\u00e7\u00e3o de Carreira: Analista de Recursos Humanos Junior<br \/>\nAnalista de Recursos Humanos Trainee<\/p>\n<p><strong>Forma\u00e7\u00e3o Acad\u00eamica:<\/strong><br \/>\n[da mais recente at\u00e9 o n\u00edvel de gradua\u00e7\u00e3o do segundo grau]<\/p>\n<p>Osvaldo Fygeyra de Andrady &#8211; Administra\u00e7\u00e3o de Empresas<\/p>\n<p>P\u00f3s-Gradua\u00e7\u00e3o Gerenciamento &#8211; FFM\/SP<\/p>\n<p><strong>Cursos e Semin\u00e1rios de Aperfei\u00e7oamento<\/strong><br \/>\n[os mais improtantes e recentes que participou, entidade e ano]<\/p>\n<p>Semin\u00e1rio Nacional de Tecnologia &#8211; SPM H\u00fcller &#8211; 1994<\/p>\n<p>Curso de inform\u00e1tica &#8211; DDPU Inform\u00e1tica &#8211; 1991<\/p>\n<p>Semin\u00e1rio Internacional &#8211; Tecnologia Empresarial &#8211; 1998<\/p>\n<p><strong>Idiomas:<\/strong><br \/>\n[o idioma, grau de dom\u00ednio, institui\u00e7\u00e3o e data de conclus\u00e3o]<\/p>\n<p>Ingl\u00eas fluente &#8211; CCAE English &#8211; 1995<\/p>\n<p>Espanhol b\u00e1sico &#8211; Cultura Span\u00f5 &#8211; 2001<\/p>\n<p><strong>Interesses<\/strong><br \/>\n[interesse de lazer e conhecimento]<\/p>\n<p>Teatro, Internet, leitura, esportes.<\/p>\n<p><strong>Principais habilidades:<\/strong><br \/>\n[suas habilidades]<\/p>\n<p>Facilidade de comunica\u00e7\u00e3o interpessoal, vis\u00e3o agregadora de neg\u00f3cio, racioc\u00ednio l\u00f3gico-anal\u00edtico desenvolvido, capacidade de trabalho sob press\u00e3o, h\u00e1bil na constru\u00e7\u00e3o de equipes.<br \/>\n<\/br><\/br><\/p>\n<h2>Modelo Simplificado de Curr\u00edculo<\/h2>\n<p>Curriculum Vitae de Fulano de Tal<\/p>\n<p><strong>Dados Pessoais<\/strong><\/p>\n<p>Rua das Flores, 520 &#8211; apto. 17 D<br \/>\nBairro: Ipiranga &#8211; Zona Sul<br \/>\nCEP: 05555-555 &#8211; S\u00e3o Paulo\/SP<br \/>\nE-mail: mariahelenatj@ig.com.br<\/p>\n<p>Fone residencial: (11) 2999-4786<br \/>\nFone celular: (11) 999-4786<br \/>\nIdade: 36 anos<br \/>\nEstado Civil: casada &#8211; 2 filhos<\/p>\n<p><strong>Objetivo<\/strong>: Secret\u00e1ria Biling\u00fce<\/p>\n<p><strong> Qualifica\u00e7\u00e3o Profissional<\/strong><\/p>\n<p>Administrativo: Arquivo de documentos, envio de informa\u00e7\u00f5es para matriz, envio e recebimento de malotes, pedido de material, confer\u00eancia de notas fiscais, controle e preenchimento de planilhas, cartas, atendimento a clientes, avalia\u00e7\u00e3o de funcion\u00e1rios.<br \/>\nAtendimento: telef\u00f4nico, fechamento de contratos com clientes e fornecedores.<br \/>\nInform\u00e1tica: Divulga\u00e7\u00e3o de site. Windows, Word, Excel, Internet, Power Point.<br \/>\nTesouraria: Dep\u00f3sitos banc\u00e1rios, cadastro de notas fiscais, controle de cheque, contas a pagar\/receber, negocia\u00e7\u00f5es com fornecedores, acompanhamento or\u00e7ament\u00e1rio.<\/p>\n<p><strong> Empresas<\/strong><\/p>\n<p>Empresa: Banco Itta S\/A<br \/>\nPer\u00edodo: 05\/01\/98 &#8211; 15\/02\/2002<br \/>\nCargo: Secret\u00e1ria Biling\u00fce<\/p>\n<p>Empresa: Banco Byad S\/A<br \/>\nPer\u00edodo: 25\/08\/94 &#8211; 09\/10\/97<br \/>\nCargo: Secret\u00e1ria Senior I<\/p>\n<p>Empresa: Acme Ltda<br \/>\nPer\u00edodo: 21\/12\/90 &#8211; 25\/05\/94<br \/>\nCargo: Secret\u00e1ria Senior I<\/p>\n<p><strong>Cursos de Especializa\u00e7\u00e3o<\/strong><\/p>\n<p>Inform\u00e1tica: Windows, Word, Excel, Internet, HTML<br \/>\nSuperior &#8211; Secretariado<br \/>\nL\u00ednguas &#8211; ingl\u00eas, espanhol (fluentes)<br \/>\nMagist\u00e9rio<\/p>\n<p><\/br><\/br><\/p>\n<h2>Carta de apresenta\u00e7\u00e3o<\/h2>\n<p>Prezados Senhores,<\/p>\n<p>       Venho por meio desta encaminhar a V.S\u00aa., meu Curriculum Vitae para vossa aprecia\u00e7\u00e3o, tendo em vista meu interesse em ingressar no quadro de funcion\u00e1rios desta conceituada Empresa.<br \/>\n       Em havendo interesse por parte de V.S\u00aa. quanto \u00e0s minhas qualifica\u00e7\u00f5es profissionais, coloco-me \u00e0 disposi\u00e7\u00e3o para entrevistas para complementa\u00e7\u00e3o de informa\u00e7\u00f5es.<br \/>\n       Sendo assim, permane\u00e7o no aguardo de vosso pronunciamento, pelo que antecipadamente agrade\u00e7o.<\/p>\n<p>Atenciosamente,<\/p>\n<p>Fulano de Tal<br \/>\n<\/br><\/br>\n\t\t<\/div>\n<\/p><\/div>\n<\/div>\n","protected":false},"excerpt":{"rendered":"<p>Principal Curriculum Orienta\u00e7\u00f5es Resolu\u00e7\u00e3o CNE Vagas de est\u00e1gio Elabore seu Curr\u00edculo O CURR\u00cdCULO O candidato deve definir seu objetivo e suas principais habilidades. Indique seus pontos fortes e mostre seguran\u00e7a no que escreve. N\u00e3o escreva um jornal, na maioria das vezes, uma frase bem feita causa muito mais efeito. Muito cuidado com erros de ortografia. [&hellip;]<\/p>\n","protected":false},"author":1,"featured_media":0,"parent":38,"menu_order":0,"comment_status":"closed","ping_status":"closed","template":"","meta":{"footnotes":""},"publishpress_future_action":{"enabled":false,"date":"1969-12-31 21:00:00","action":"","terms":[],"taxonomy":"","browser_timezone_offset":0},"_links":{"self":[{"href":"https:\/\/www.coltec.ufmg.br\/coltec-ufmg\/index.php?rest_route=\/wp\/v2\/pages\/41"}],"collection":[{"href":"https:\/\/www.coltec.ufmg.br\/coltec-ufmg\/index.php?rest_route=\/wp\/v2\/pages"}],"about":[{"href":"https:\/\/www.coltec.ufmg.br\/coltec-ufmg\/index.php?rest_route=\/wp\/v2\/types\/page"}],"author":[{"embeddable":true,"href":"https:\/\/www.coltec.ufmg.br\/coltec-ufmg\/index.php?rest_route=\/wp\/v2\/users\/1"}],"replies":[{"embeddable":true,"href":"https:\/\/www.coltec.ufmg.br\/coltec-ufmg\/index.php?rest_route=%2Fwp%2Fv2%2Fcomments&post=41"}],"version-history":[{"count":12,"href":"https:\/\/www.coltec.ufmg.br\/coltec-ufmg\/index.php?rest_route=\/wp\/v2\/pages\/41\/revisions"}],"predecessor-version":[{"id":2405,"href":"https:\/\/www.coltec.ufmg.br\/coltec-ufmg\/index.php?rest_route=\/wp\/v2\/pages\/41\/revisions\/2405"}],"up":[{"embeddable":true,"href":"https:\/\/www.coltec.ufmg.br\/coltec-ufmg\/index.php?rest_route=\/wp\/v2\/pages\/38"}],"wp:attachment":[{"href":"https:\/\/www.coltec.ufmg.br\/coltec-ufmg\/index.php?rest_route=%2Fwp%2Fv2%2Fmedia&parent=41"}],"curies":[{"name":"wp","href":"https:\/\/api.w.org\/{rel}","templated":true}]}}