{"id":84,"date":"2017-07-11T14:25:03","date_gmt":"2017-07-11T17:25:03","guid":{"rendered":"http:\/\/150.164.129.71\/coltec\/?page_id=84"},"modified":"2018-06-25T17:01:55","modified_gmt":"2018-06-25T20:01:55","slug":"sobre-o-coltec","status":"publish","type":"page","link":"https:\/\/www.coltec.ufmg.br\/coltec-ufmg\/?page_id=84","title":{"rendered":"Sobre o COLTEC"},"content":{"rendered":"<div class=\"myContainer\" style=\"margin-top: 2%; text-align: justify;\">\n<div class=\"row\">\n<div class=\"col-md-12\">\n<h3>Hist\u00f3rico<\/h3>\n<p>O COLTEC foi criado em 1969, a partir de conv\u00eanio celebrado entre o Conselho Brit\u00e2nico, a UFMG, o CNPq e o MEC, com a finalidade de atender \u00e0 demanda de forma\u00e7\u00e3o de profissionais t\u00e9cnicos de n\u00edvel m\u00e9dio nas \u00e1reas de Patologia Cl\u00ednica, Instrumenta\u00e7\u00e3o, Eletr\u00f4nica e Qu\u00edmica.<\/p>\n<p>Em 1981, o Conselho Universit\u00e1rio da UFMG estabeleceu, por meio da resolu\u00e7\u00e3o 25\/81 de 06 de novembro daquele ano, as diretrizes para o Centro Pedag\u00f3gico, Unidade Especial formada pela Escola Fundamental e COLTEC, vinculado \u00e0 FaE. Essas diretrizes gerais definiram a nova unidade como um espa\u00e7o de experimenta\u00e7\u00e3o pedag\u00f3gica e curricular.<br \/>\nAt\u00e9 1997, o Col\u00e9gio T\u00e9cnico ofereceu quatro cursos t\u00e9cnicos de n\u00edvel m\u00e9dio na modalidade integrado, nos quais os alunos estudavam em hor\u00e1rio integral. Em conformidade com o Art. 2\u00ba da Portaria no 646, de 14 de maio de 1997, a escola passou a oferecer Ensino Profissional, de n\u00edvel t\u00e9cnico, concomitante ao Ensino M\u00e9dio.<\/p>\n<div style=\"margin-left: 15px; float: right; display: flex;\">\n\t<img decoding=\"async\" src=\"http:\/\/150.164.129.71\/coltec\/wp-content\/uploads\/2018\/06\/sobre2.jpg\" style=\"max-height: 500px;\">\n<\/div>\n<p>A implementa\u00e7\u00e3o dessa reforma deu-se de forma gradual em virtude da cristaliza\u00e7\u00e3o s\u00f3cio-hist\u00f3rica do tradicional modelo de ensino t\u00e9cnico do COLTEC, da dificuldade de operacionaliza\u00e7\u00e3o dos novos ordenamentos do ensino e da discuss\u00e3o, que persistiu at\u00e9 o final de 2000, sobre a inser\u00e7\u00e3o das escolas de Educa\u00e7\u00e3o B\u00e1sica e Profissional na estrutura universit\u00e1ria.<\/p>\n<p>At\u00e9 2008 o COLTEC possu\u00eda 4 cursos t\u00e9cnicos, com ensino m\u00e9dio concomitante. No final do ano de 2008 foi aprovado o curso t\u00e9cnico de Inform\u00e1tica, que come\u00e7ou a vigorar a partir do ano letivo de 2009. Nesse mesmo ano, gra\u00e7as a algumas altera\u00e7\u00f5es em alguns cursos, as vagas para os cursos t\u00e9cnicos passaram de um total de 136 para 176.<\/p>\n<p>Com a aprova\u00e7\u00e3o da resolu\u00e7\u00e3o n\u00ba 05 de 03 de maio de 2007 foi criada a Unidade Especial denominada Escola de Educa\u00e7\u00e3o B\u00e1sica e Profissional da UFMG, o Col\u00e9gio T\u00e9cnico comp\u00f5e um do tr\u00eas centros de ensino da nova unidade, s\u00e3o elas: Centro Pedag\u00f3gico (respons\u00e1vel pelo Ensino Fundamental); Teatro Universit\u00e1rio (respons\u00e1vel pelo ensino t\u00e9cnico de forma\u00e7\u00e3o de atores) e o COLTEC (respons\u00e1vel pelo ensino t\u00e9cnico de n\u00edvel m\u00e9dio). Atualmente o COLTEC est\u00e1 investindo na cria\u00e7\u00e3o de novos cursos t\u00e9cnicos e continua atuando na \u00e1rea de forma\u00e7\u00e3o de recursos humanos para a educa\u00e7\u00e3o, sendo um campo para est\u00e1gio curricular de alunos de cursos de gradua\u00e7\u00e3o. V\u00e1rios de seus docentes participaram, nos \u00faltimos anos, de iniciativas de renova\u00e7\u00e3o curricular para os ensinos fundamental e m\u00e9dio em colabora\u00e7\u00e3o com a Secretaria de Estado da Educa\u00e7\u00e3o de Minas Gerais &#8211; SEEMG.<\/p>\n<p>Junto ao Centro de Ensino de Ci\u00eancias e Matem\u00e1tica de Minas Gerais &#8211; CECIMIG e Faculdade de Educa\u00e7\u00e3o da UFMG, o COLTEC executa, desde 1991, o Programa de P\u00f3s-gradua\u00e7\u00e3o &#8211; Especializa\u00e7\u00e3o &#8211; em Ensino de Ci\u00eancias nas modalidades Ci\u00eancias, F\u00edsica, Qu\u00edmica e Biologia. No COLTEC s\u00e3o desenvolvidos tamb\u00e9m v\u00e1rios projetos e cursos de extens\u00e3o, dentre os quais se destacam: projetos com as comunidades de Capara\u00f3, Alto Capara\u00f3, Morro Alto e S\u00e3o Bartolomeu que v\u00eaem contribuindo significativamente para o desenvolvimento das referidas comunidades e para a forma\u00e7\u00e3o de estudantes de diferentes n\u00edveis de ensino; e o projeto de Ensino M\u00e9dio para Jovens e Adultos que completou, em 2008, dez anos de funcionamento com uma proposta pedag\u00f3gica constru\u00edda especificamente para esse publico. Al\u00e9m desses projetos, t\u00eam sido ofertados cursos de qualifica\u00e7\u00e3o profissional para Jovens e Adultos para reinclus\u00e3o social (ex-detentos) e para pessoas com necessidades especiais (S\u00edndrome de Down) em parceria com institui\u00e7\u00f5es tais como a Prefeitura de Belo Horizonte e a Funabem. O Col\u00e9gio tamb\u00e9m oferece periodicamente cursos de extens\u00e3o (curta dura\u00e7\u00e3o) nas \u00e1reas de Inform\u00e1tica, L\u00edngua Estrangeira, M\u00fasica, Dan\u00e7a, Esportes e Tecnologia de materiais.<\/p>\n<div style=\"margin-right: 20px; float: left; display: flex;\">\n\t<img decoding=\"async\" src=\"http:\/\/150.164.129.71\/coltec\/wp-content\/uploads\/2018\/06\/sobre3.jpg\" style=\"max-height: 500px;\">\n<\/div>\n<p>Objetivos do Col\u00e9gio T\u00e9cnico<\/p>\n<p>O COLTEC, desde a sua cria\u00e7\u00e3o, tem o prop\u00f3sito de ser refer\u00eancia para as demais escolas do pa\u00eds. Sua influ\u00eancia tem sido justificada em fun\u00e7\u00e3o de sua organiza\u00e7\u00e3o, da crescente qualifica\u00e7\u00e3o de seu pessoal docente e t\u00e9cnico, da infra-estrutura dos seus laborat\u00f3rios e, principalmente, em fun\u00e7\u00e3o do seu projeto educativo, que possibilita a forma\u00e7\u00e3o do estudante de n\u00edvel m\u00e9dio e t\u00e9cnico com uma significativa base cient\u00edfica, experimental e human\u00edstica e um contato permanente com instrumentos e t\u00e9cnicas atualizadas.<\/p>\n<hr>\n<p>Atualmente, o Col\u00e9gio T\u00e9cnico vem mantendo a sua proemin\u00eancia hist\u00f3rica no cen\u00e1rio educacional com a ado\u00e7\u00e3o de uma metodologia de trabalho solid\u00e1ria com as necessidades da forma\u00e7\u00e3o do aluno para o desenvolvimento de seu potencial, para a realiza\u00e7\u00e3o de seu projeto de vida e para a atua\u00e7\u00e3o competente no campo do trabalho. Sua proposta pol\u00edtico-pedag\u00f3gica tem como objetivos principais:<\/p>\n<p>\u2014 Formar profissionais t\u00e9cnicos de n\u00edvel m\u00e9dio com possibilidade de exercerem sua profiss\u00e3o de forma destacada;<\/p>\n<p>\u2014 Possibilitar a\u00e7\u00f5es interativas com as Unidades Acad\u00eamicas da UFMG, respons\u00e1veis pela forma\u00e7\u00e3o do professor da Educa\u00e7\u00e3o B\u00e1sica, no desenvolvimento de projetos pedag\u00f3gicos inovadores, na realiza\u00e7\u00e3o de diagn\u00f3sticos das pr\u00e1ticas docentes e na identifica\u00e7\u00e3o de problemas e alternativas de solu\u00e7\u00e3o, consolidando a estreita rela\u00e7\u00e3o ensino\/pesquisa\/extens\u00e3o na Educa\u00e7\u00e3o B\u00e1sica e Superior;<\/p>\n<p>\u2014 Expandir, progressivamente, a \u00e1rea de abrang\u00eancia da educa\u00e7\u00e3o profissional para consolidar-se como centro de refer\u00eancia em Educa\u00e7\u00e3o Profissional de n\u00edvel m\u00e9dio, priorizando pr\u00e1ticas docentes que favore\u00e7am o pleno desenvolvimento do aluno;<\/p>\n<p>\u2014 Garantir a continuidade do processo de democratiza\u00e7\u00e3o do ensino, resguardando a sistem\u00e1tica de ingresso de alunos provenientes dos diferentes estratos sociais e as condi\u00e7\u00f5es favor\u00e1veis \u00e0 sua perman\u00eancia e seu sucesso na escola;<\/p>\n<p>\u2014 Fortalecer os v\u00ednculos de conviv\u00eancia com as fam\u00edlias dos alunos e a sociedade, priorizando a\u00e7\u00f5es de car\u00e1ter pol\u00edtico, pedag\u00f3gico e s\u00f3cio-cultural que resultem em benef\u00edcios rec\u00edprocos;<\/p>\n<p>\u2014 Promover a difus\u00e3o e a socializa\u00e7\u00e3o dos conhecimentos gerados na institui\u00e7\u00e3o, com a publica\u00e7\u00e3o de obras, trabalhos, divulga\u00e7\u00e3o de material did\u00e1tico e a oferta de cursos para o aprimoramento da forma\u00e7\u00e3o t\u00e9cnico-cient\u00edfico-pedag\u00f3gica e atividades de extens\u00e3o;<\/p>\n<p>\u2014 Manter um di\u00e1logo permanente com as Unidades Acad\u00eamicas da UFMG, com outras institui\u00e7\u00f5es de ensino, pesquisa e extens\u00e3o, com o Setor Produtivo, com \u00f3rg\u00e3os governamentais e de fomento da pesquisa, buscando formas de colabora\u00e7\u00e3o e apoio, interc\u00e2mbio e comprometimento com o projeto pol\u00edtico-pedag\u00f3gico do Col\u00e9gio;<\/p>\n<p>\u2014 Contribuir com os \u00f3rg\u00e3os governamentais e a sociedade em geral nas a\u00e7\u00f5es reparadoras das d\u00edvidas sociais para com as camadas exclu\u00eddas do processo educacional, oferecendo cursos e programas de Educa\u00e7\u00e3o de Jovens e Adultos e outros de n\u00edvel b\u00e1sico da Educa\u00e7\u00e3o Profissional.<\/p><\/div>\n<div class=\"text-center\">\n\t<img decoding=\"async\" src=\"http:\/\/150.164.129.71\/coltec\/wp-content\/uploads\/2018\/06\/sobre1.jpg\" style=\"max-height: 500px; margin: 1%;\">\n<\/div>\n<\/p><\/div>\n<hr>\n<div class=\"row\">\n<div class=\"col-md-6\">\n                      <iframe loading=\"lazy\" src=\"https:\/\/www.google.com\/maps\/embed?pb=!1m18!1m12!1m3!1d2286.4577963785136!2d-43.96466116565616!3d-19.871819660704602!2m3!1f0!2f0!3f0!3m2!1i1024!2i768!4f13.1!3m3!1m2!1s0xa690f3291664fb%3A0x70a2adb79b37945f!2sCol%C3%A9gio+T%C3%A9cnico+Coltec%2FUFMG!5e1!3m2!1spt-BR!2sbr!4v1497637995509\" width=\"600\" height=\"450\" frameborder=\"0\" style=\"border:0\" allowfullscreen><\/iframe>\n\t\t<\/div>\n<div class=\"col-md-6\">\n<h3>Localiza\u00e7\u00e3o:<\/h3>\n<p>                        Col\u00e9gio T\u00e9cnico &#8211; Universidade Federal de Minas Gerais &#8211; Av. Ant\u00f4nio Carlos, 6627. Pampulha<br \/>\n                        Belo Horizonte &#8211; MG CEP 31270-901\n\t\t<\/p><\/div>\n<\/p><\/div>\n<\/div>\n","protected":false},"excerpt":{"rendered":"<p>Hist\u00f3rico O COLTEC foi criado em 1969, a partir de conv\u00eanio celebrado entre o Conselho Brit\u00e2nico, a UFMG, o CNPq e o MEC, com a finalidade de atender \u00e0 demanda de forma\u00e7\u00e3o de profissionais t\u00e9cnicos de n\u00edvel m\u00e9dio nas \u00e1reas de Patologia Cl\u00ednica, Instrumenta\u00e7\u00e3o, Eletr\u00f4nica e Qu\u00edmica. Em 1981, o Conselho Universit\u00e1rio da UFMG estabeleceu, [&hellip;]<\/p>\n","protected":false},"author":1,"featured_media":0,"parent":0,"menu_order":0,"comment_status":"closed","ping_status":"closed","template":"","meta":{"footnotes":""},"publishpress_future_action":{"enabled":false,"date":"1969-12-31 21:00:00","action":"","terms":[],"taxonomy":"","browser_timezone_offset":0},"_links":{"self":[{"href":"https:\/\/www.coltec.ufmg.br\/coltec-ufmg\/index.php?rest_route=\/wp\/v2\/pages\/84"}],"collection":[{"href":"https:\/\/www.coltec.ufmg.br\/coltec-ufmg\/index.php?rest_route=\/wp\/v2\/pages"}],"about":[{"href":"https:\/\/www.coltec.ufmg.br\/coltec-ufmg\/index.php?rest_route=\/wp\/v2\/types\/page"}],"author":[{"embeddable":true,"href":"https:\/\/www.coltec.ufmg.br\/coltec-ufmg\/index.php?rest_route=\/wp\/v2\/users\/1"}],"replies":[{"embeddable":true,"href":"https:\/\/www.coltec.ufmg.br\/coltec-ufmg\/index.php?rest_route=%2Fwp%2Fv2%2Fcomments&post=84"}],"version-history":[{"count":26,"href":"https:\/\/www.coltec.ufmg.br\/coltec-ufmg\/index.php?rest_route=\/wp\/v2\/pages\/84\/revisions"}],"predecessor-version":[{"id":2004,"href":"https:\/\/www.coltec.ufmg.br\/coltec-ufmg\/index.php?rest_route=\/wp\/v2\/pages\/84\/revisions\/2004"}],"wp:attachment":[{"href":"https:\/\/www.coltec.ufmg.br\/coltec-ufmg\/index.php?rest_route=%2Fwp%2Fv2%2Fmedia&parent=84"}],"curies":[{"name":"wp","href":"https:\/\/api.w.org\/{rel}","templated":true}]}}