{"id":8462,"date":"2021-10-21T08:58:19","date_gmt":"2021-10-21T11:58:19","guid":{"rendered":"https:\/\/www.coltec.ufmg.br\/coltec-ufmg\/?page_id=8462"},"modified":"2022-10-27T11:43:35","modified_gmt":"2022-10-27T14:43:35","slug":"copep-docentes","status":"publish","type":"page","link":"https:\/\/www.coltec.ufmg.br\/coltec-ufmg\/?page_id=8462","title":{"rendered":"COPEP: Informa\u00e7\u00f5es para docentes"},"content":{"rendered":"\n<h4>Normas e Resolu\u00e7\u00f5es<\/h4>\n<ul>\n<li><a href=\"https:\/\/drive.google.com\/file\/d\/1M99PS3jmxxoPqOnIhGB0KKVUOapk47rl\/view?usp=sharing\" target=\"_blank\" rel=\"noopener\">Caderno de normas do COLTEC.<\/a><\/li>\n<li><a href=\"https:\/\/drive.google.com\/file\/d\/1AuJMHgaPeejOpN0zMZMB6lZx391dZZDr\/view?usp=sharing\" target=\"_blank\" rel=\"noopener\">Resolu\u00e7\u00e3o sobre Recursos Contra Resultados<\/a><\/li>\n<li><a href=\"https:\/\/drive.google.com\/file\/d\/1Bz5y4PQOPbUOYf3I8CyR60TD3Js5FLop\/view?usp=sharing\" target=\"_blank\" rel=\"noopener\">Resolu\u00e7\u00e3o sobre a Aten\u00e7\u00e3o Especial<\/a><\/li>\n<li><a href=\"https:\/\/drive.google.com\/file\/d\/1BkLp2reNO7glz0edOVj0Q8V1Zh1i0bwn\/view?usp=sharing\" target=\"_blank\" rel=\"noopener\">Resolu\u00e7\u00e3o sobre o Regime Especial<\/a><\/li>\n<li><a href=\"https:\/\/drive.google.com\/file\/d\/1FUzgRIf_2Wcsbczkwba7LMM8mRyFg_kG\/view?usp=sharing\" target=\"_blank\" rel=\"noopener\">Resolu\u00e7\u00e3o sobre Projetos de Ensino<\/a>.<\/li>\n<li><a href=\"https:\/\/drive.google.com\/file\/d\/1WWHJsCH3hpbuMzP1hi7OBTjbQ67pB9so\/view?usp=sharing\" target=\"_blank\" rel=\"noopener\">Resolu\u00e7\u00e3o sobre os Conselhos de Classe.<\/a><\/li>\n<li><a href=\"https:\/\/drive.google.com\/file\/d\/1MHF5uat1H4Mz8I9nt2RBKt7z4S4YYcLE\/view?usp=sharing\" target=\"_blank\" rel=\"noopener\">Resolu\u00e7\u00e3o sobre o lan\u00e7amento de notas e faltas.<\/a><\/li>\n<li><a href=\"https:\/\/drive.google.com\/file\/d\/1qh0pHW23AKqWqstqnRaKLptxJVVPeDBs\/view?usp=sharing\" target=\"_blank\" rel=\"noopener\">Resolu\u00e7\u00e3o sobre a recupera\u00e7\u00e3o.<\/a><\/li>\n<li><a href=\"https:\/\/drive.google.com\/file\/d\/1CSgz2Bx6KHlidEtVQqjSzgceXEoUHIvF\/view?usp=sharing\" target=\"_blank\" rel=\"noopener\">Resolu\u00e7\u00e3o sobre a depend\u00eancia (3\u00ba ano).<\/a><\/li>\n<li><a href=\"https:\/\/drive.google.com\/file\/d\/1YxswLlEsYff1QspTFWzE4S5L9php37IG\/view?usp=sharing\" target=\"_blank\" rel=\"noopener\">Resolu\u00e7\u00e3o sobre o est\u00e1gio curricular obrigat\u00f3rio<\/a>.<\/li>\n<li><a href=\"https:\/\/drive.google.com\/file\/d\/1duinTXXlpk22VN7RmQMRS6LRI5tJ3zy-\/view?usp=sharing\" target=\"_blank\" rel=\"noopener\">Resolu\u00e7\u00e3o sobre provas substitutivas e exame especial (subsequente)<\/a><\/li>\n<\/ul>\n<h4>Outras Informa\u00e7\u00f5es<\/h4>\n<ul>\n<li><a href=\"https:\/\/drive.google.com\/file\/d\/1qUvWlwEQfRILO8Y8O2_MLpHaxJTF9tE1\/view?usp=sharing\" target=\"_blank\" rel=\"noopener\">Atribui\u00e7\u00f5es dos coordenadores de curso.<\/a><\/li>\n<li><a href=\"https:\/\/drive.google.com\/file\/d\/1XgciTzfsDes2wjl0d1lryY-nRTqOUxjx\/view?usp=sharing\" target=\"_blank\" rel=\"noopener\">Compet\u00eancias e atribui\u00e7\u00f5es da Gest\u00e3o Pedag\u00f3gica do COLTEC.<\/a><\/li>\n<\/ul>\n<p>\u00a0<\/p>\n","protected":false},"excerpt":{"rendered":"<p>Normas e Resolu\u00e7\u00f5es Caderno de normas do COLTEC. Resolu\u00e7\u00e3o sobre Recursos Contra Resultados Resolu\u00e7\u00e3o sobre a Aten\u00e7\u00e3o Especial Resolu\u00e7\u00e3o sobre o Regime Especial Resolu\u00e7\u00e3o sobre Projetos de Ensino. Resolu\u00e7\u00e3o sobre os Conselhos de Classe. Resolu\u00e7\u00e3o sobre o lan\u00e7amento de notas e faltas. Resolu\u00e7\u00e3o sobre a recupera\u00e7\u00e3o. Resolu\u00e7\u00e3o sobre a depend\u00eancia (3\u00ba ano). Resolu\u00e7\u00e3o sobre o [&hellip;]<\/p>\n","protected":false},"author":35,"featured_media":0,"parent":30,"menu_order":2,"comment_status":"closed","ping_status":"closed","template":"","meta":{"footnotes":""},"publishpress_future_action":{"enabled":false,"date":"1969-12-31 21:00:00","action":"","terms":[],"taxonomy":"","browser_timezone_offset":0},"_links":{"self":[{"href":"https:\/\/www.coltec.ufmg.br\/coltec-ufmg\/index.php?rest_route=\/wp\/v2\/pages\/8462"}],"collection":[{"href":"https:\/\/www.coltec.ufmg.br\/coltec-ufmg\/index.php?rest_route=\/wp\/v2\/pages"}],"about":[{"href":"https:\/\/www.coltec.ufmg.br\/coltec-ufmg\/index.php?rest_route=\/wp\/v2\/types\/page"}],"author":[{"embeddable":true,"href":"https:\/\/www.coltec.ufmg.br\/coltec-ufmg\/index.php?rest_route=\/wp\/v2\/users\/35"}],"replies":[{"embeddable":true,"href":"https:\/\/www.coltec.ufmg.br\/coltec-ufmg\/index.php?rest_route=%2Fwp%2Fv2%2Fcomments&post=8462"}],"version-history":[{"count":9,"href":"https:\/\/www.coltec.ufmg.br\/coltec-ufmg\/index.php?rest_route=\/wp\/v2\/pages\/8462\/revisions"}],"predecessor-version":[{"id":10677,"href":"https:\/\/www.coltec.ufmg.br\/coltec-ufmg\/index.php?rest_route=\/wp\/v2\/pages\/8462\/revisions\/10677"}],"up":[{"embeddable":true,"href":"https:\/\/www.coltec.ufmg.br\/coltec-ufmg\/index.php?rest_route=\/wp\/v2\/pages\/30"}],"wp:attachment":[{"href":"https:\/\/www.coltec.ufmg.br\/coltec-ufmg\/index.php?rest_route=%2Fwp%2Fv2%2Fmedia&parent=8462"}],"curies":[{"name":"wp","href":"https:\/\/api.w.org\/{rel}","templated":true}]}}