{"id":8469,"date":"2021-10-21T10:40:50","date_gmt":"2021-10-21T13:40:50","guid":{"rendered":"https:\/\/www.coltec.ufmg.br\/coltec-ufmg\/?page_id=8469"},"modified":"2023-05-08T08:00:02","modified_gmt":"2023-05-08T11:00:02","slug":"copep-discentes-dos-cursos-subsequentes","status":"publish","type":"page","link":"https:\/\/www.coltec.ufmg.br\/coltec-ufmg\/?page_id=8469","title":{"rendered":"COPEP: Informa\u00e7\u00f5es para discentes dos cursos subsequentes"},"content":{"rendered":"\n<h4>Normas e Resolu\u00e7\u00f5es<\/h4>\n<ul>\n<li><a href=\"https:\/\/drive.google.com\/file\/d\/1YxswLlEsYff1QspTFWzE4S5L9php37IG\/view?usp=sharing\" target=\"_blank\" rel=\"noopener\">Resolu\u00e7\u00e3o sobre o est\u00e1gio curricular obrigat\u00f3rio<\/a>.<\/li>\n<li><a href=\"https:\/\/drive.google.com\/file\/d\/13IqygmW-WDf6oSIVMkHujny-1fwaGnag\/view?usp=share_link\" target=\"_blank\" rel=\"noopener\">Resolu\u00e7\u00e3o sobre o aproveitamento de estudos, conhecimentos e experi\u00eancias anteriores.<\/a><\/li>\n<li><a href=\"https:\/\/drive.google.com\/file\/d\/1pEwRkzuY1O7BQZGEeEnW3MODKJHuow8-\/view?usp=sharing\" target=\"_blank\" rel=\"noopener\">Resolu\u00e7\u00e3o sobre o trancamento de matr\u00edcula.<\/a><\/li>\n<li><a href=\"https:\/\/drive.google.com\/file\/d\/1BkLp2reNO7glz0edOVj0Q8V1Zh1i0bwn\/view?usp=sharing\" target=\"_blank\" rel=\"noopener\">Resolu\u00e7\u00e3o sobre o regime especial<\/a><\/li>\n<li><a href=\"https:\/\/drive.google.com\/file\/d\/1Bz5y4PQOPbUOYf3I8CyR60TD3Js5FLop\/view?usp=sharing\" target=\"_blank\" rel=\"noopener\">Resolu\u00e7\u00e3o sobre a Aten\u00e7\u00e3o Especial<\/a><\/li>\n<li><a href=\"https:\/\/drive.google.com\/file\/d\/1AuJMHgaPeejOpN0zMZMB6lZx391dZZDr\/view?usp=sharing\" target=\"_blank\" rel=\"noopener\">Resolu\u00e7\u00e3o sobre Recursos Contra Resultados<\/a><\/li>\n<li><a href=\"https:\/\/drive.google.com\/file\/d\/1MHF5uat1H4Mz8I9nt2RBKt7z4S4YYcLE\/view?usp=sharing\" target=\"_blank\" rel=\"noopener\">Resolu\u00e7\u00e3o sobre o lan\u00e7amento de notas e faltas<\/a><\/li>\n<li><a href=\"https:\/\/drive.google.com\/file\/d\/1duinTXXlpk22VN7RmQMRS6LRI5tJ3zy-\/view?usp=sharing\" target=\"_blank\" rel=\"noopener\">Resolu\u00e7\u00e3o sobre provas substitutivas e exame especial<\/a><\/li>\n<\/ul>\n<h4>Formul\u00e1rios<\/h4>\n<ul>\n<li><a href=\"https:\/\/docs.google.com\/document\/d\/197VccF1lIHS-NO8KfGMoIRdCiXwc1J9RIUgUBN7CmJQ\/edit?usp=share_link\" target=\"_blank\" rel=\"noopener\">Solicita\u00e7\u00e3o de aproveitamento de estudos.<\/a><\/li>\n<li><a href=\"https:\/\/docs.google.com\/document\/d\/1lo4r9ysdaxbC4Epf38OdNcIEXhufaJsYIWzp8F1PXao\/edit?usp=share_link\" target=\"_blank\" rel=\"noopener\">Solicita\u00e7\u00e3o de aproveitamento de experi\u00eancias anteriores.<\/a><\/li>\n<li><a href=\"https:\/\/docs.google.com\/document\/d\/141j4yWUlsvc8dDyh47_5JNkfhVG-bcLt\/edit?usp=sharing&amp;ouid=104199562520572870329&amp;rtpof=true&amp;sd=true\" target=\"_blank\" rel=\"noopener\">Solicita\u00e7\u00e3o de trancamento de matr\u00edcula.<\/a><\/li>\n<li><a href=\"https:\/\/drive.google.com\/file\/d\/1GBjU1ys2bONLQU5agUqu8GHYNpcGM1Pb\/view?usp=sharing\" target=\"_blank\" rel=\"noopener\">Solicita\u00e7\u00e3o de regime especial<\/a><\/li>\n<li><a href=\"https:\/\/drive.google.com\/file\/d\/1blaBuFMqUe5h-ovxtIKoZ-pSA10G8KyD\/view\" target=\"_blank\" rel=\"noopener\">Solicita\u00e7\u00e3o de aten\u00e7\u00e3o especial<\/a><\/li>\n<\/ul>\n<h4>Outras Informa\u00e7\u00f5es<\/h4>\n<ul>\n<li><a href=\"https:\/\/drive.google.com\/file\/d\/1qUvWlwEQfRILO8Y8O2_MLpHaxJTF9tE1\/view?usp=sharing\" target=\"_blank\" rel=\"noopener\">Atribui\u00e7\u00f5es dos coordenadores de curso.<\/a><\/li>\n<li><a href=\"https:\/\/drive.google.com\/file\/d\/1XgciTzfsDes2wjl0d1lryY-nRTqOUxjx\/view?usp=sharing\" target=\"_blank\" rel=\"noopener\">Compet\u00eancias e atribui\u00e7\u00f5es da Gest\u00e3o Pedag\u00f3gica do COLTEC.<\/a><\/li>\n<\/ul>\n<p>\u00a0<\/p>\n","protected":false},"excerpt":{"rendered":"<p>Normas e Resolu\u00e7\u00f5es Resolu\u00e7\u00e3o sobre o est\u00e1gio curricular obrigat\u00f3rio. Resolu\u00e7\u00e3o sobre o aproveitamento de estudos, conhecimentos e experi\u00eancias anteriores. Resolu\u00e7\u00e3o sobre o trancamento de matr\u00edcula. Resolu\u00e7\u00e3o sobre o regime especial Resolu\u00e7\u00e3o sobre a Aten\u00e7\u00e3o Especial Resolu\u00e7\u00e3o sobre Recursos Contra Resultados Resolu\u00e7\u00e3o sobre o lan\u00e7amento de notas e faltas Resolu\u00e7\u00e3o sobre provas substitutivas e exame especial [&hellip;]<\/p>\n","protected":false},"author":35,"featured_media":0,"parent":30,"menu_order":2,"comment_status":"closed","ping_status":"closed","template":"","meta":{"footnotes":""},"publishpress_future_action":{"enabled":false,"date":"1969-12-31 21:00:00","action":"","terms":[],"taxonomy":"","browser_timezone_offset":0},"_links":{"self":[{"href":"https:\/\/www.coltec.ufmg.br\/coltec-ufmg\/index.php?rest_route=\/wp\/v2\/pages\/8469"}],"collection":[{"href":"https:\/\/www.coltec.ufmg.br\/coltec-ufmg\/index.php?rest_route=\/wp\/v2\/pages"}],"about":[{"href":"https:\/\/www.coltec.ufmg.br\/coltec-ufmg\/index.php?rest_route=\/wp\/v2\/types\/page"}],"author":[{"embeddable":true,"href":"https:\/\/www.coltec.ufmg.br\/coltec-ufmg\/index.php?rest_route=\/wp\/v2\/users\/35"}],"replies":[{"embeddable":true,"href":"https:\/\/www.coltec.ufmg.br\/coltec-ufmg\/index.php?rest_route=%2Fwp%2Fv2%2Fcomments&post=8469"}],"version-history":[{"count":17,"href":"https:\/\/www.coltec.ufmg.br\/coltec-ufmg\/index.php?rest_route=\/wp\/v2\/pages\/8469\/revisions"}],"predecessor-version":[{"id":11682,"href":"https:\/\/www.coltec.ufmg.br\/coltec-ufmg\/index.php?rest_route=\/wp\/v2\/pages\/8469\/revisions\/11682"}],"up":[{"embeddable":true,"href":"https:\/\/www.coltec.ufmg.br\/coltec-ufmg\/index.php?rest_route=\/wp\/v2\/pages\/30"}],"wp:attachment":[{"href":"https:\/\/www.coltec.ufmg.br\/coltec-ufmg\/index.php?rest_route=%2Fwp%2Fv2%2Fmedia&parent=8469"}],"curies":[{"name":"wp","href":"https:\/\/api.w.org\/{rel}","templated":true}]}}