{"id":8731,"date":"2021-12-19T22:37:04","date_gmt":"2021-12-20T01:37:04","guid":{"rendered":"https:\/\/www.coltec.ufmg.br\/coltec-ufmg\/?page_id=8731"},"modified":"2025-08-28T11:56:52","modified_gmt":"2025-08-28T14:56:52","slug":"setor-de-tecnologia-da-informacao","status":"publish","type":"page","link":"https:\/\/www.coltec.ufmg.br\/coltec-ufmg\/?page_id=8731","title":{"rendered":"Se\u00e7\u00e3o de Tecnologia da Informa\u00e7\u00e3o &#8211; STI"},"content":{"rendered":"<table class=\" alignleft\" style=\"width: 100%; border-collapse: collapse; border-style: groove;\">\n<tbody>\n<tr>\n<td style=\"width: 100%;\">A Se\u00e7\u00e3o de Tecnologia da Informa\u00e7\u00e3o do Col\u00e9gio T\u00e9cnico da Universidade Federal de Minas Gerais \u2013 COLTEC \/ UFMG \u00e9 o setor respons\u00e1vel pela informatiza\u00e7\u00e3o do Col\u00e9gio T\u00e9cnico trabalhando em parceria com outros setores de tecnologia da informa\u00e7\u00e3o da UFMG tais como o CECOM \/ UFMG.O Se\u00e7\u00e3o de Tecnologia da Informa\u00e7\u00e3o do COLTEC \/ UFMG \u2013 STI \u00e9 composto atualmente pelo Se\u00e7\u00e3o de Inform\u00e1tica e o Laborat\u00f3rio de Manuten\u00e7\u00e3o de Micros \u2013 LMM sendo diretamente respons\u00e1vel por prestar suporte t\u00e9cnico em diferentes plataformas de Tecnologia da Informa\u00e7\u00e3o utilizadas por toda comunidade coltecana.<\/p>\n<p><strong>Suas principais atribui\u00e7\u00f5es s\u00e3o:<\/strong><\/p>\n<p>\u25cf Administrar, gerenciar e manter a rede de computadores cabeada e WIFI;<br \/>\n\u25cf Administrar, gerenciar e manter o Data Center do COLTEC \/ UFMG;<br \/>\n\u25cf Administrar, gerenciar e manter os laborat\u00f3rios de inform\u00e1tica de uso docente e discente;<br \/>\n\u25cf Apoiar usu\u00e1rios na ado\u00e7\u00e3o ou compra de novas tecnologias e novos processos;<br \/>\n\u25cf Apoiar os setores na especifica\u00e7\u00e3o de equipamentos e softwares;<br \/>\n\u25cf Aplicar pol\u00edticas de seguran\u00e7a;<br \/>\n\u25cf Apoio t\u00e9cnico e administrativo tanto aos docentes quanto \u00e0 diretoria;<br \/>\n\u25cf Configurar e dar suporte t\u00e9cnico ao sistema de Fechaduras Biom\u00e9tricas da unidade;<br \/>\n\u25cf Dar suporte direto tecnol\u00f3gico a docentes e discentes no uso de laborat\u00f3rios de inform\u00e1tica;<br \/>\n\u25cf Dar suporte direto tecnol\u00f3gico aos demais setores administrativos da unidade;<br \/>\n\u25cf Divulgar orienta\u00e7\u00e3o a usu\u00e1rios internos e externos;<br \/>\n\u25cf Gerenciar e controlar o acesso dos usu\u00e1rios aos v\u00e1rios Laborat\u00f3rios de Inform\u00e1tica atualmente em uso;<br \/>\n\u25cf Gerenciar usu\u00e1rios de tecnologia da informa\u00e7\u00e3o e seus acessos;<br \/>\n\u25cf Identificar necessidades de treinamento para os usu\u00e1rios;<br \/>\n\u25cf Inventariar sistemas de informa\u00e7\u00e3o e servi\u00e7os;<br \/>\n\u25cf Instala\u00e7\u00e3o de ativos de inform\u00e1tica dentre eles Desktops, Notebooks e impressoras entre outros dispositivos de tecnologia da informa\u00e7\u00e3o;<br \/>\n\u25cf Instala\u00e7\u00e3o, configura\u00e7\u00e3o e suporte de aplicativos de uso comum na UFMG entre eles o IBM Lotus Notes;<br \/>\n\u25cf Manter base de conhecimento da \u00e1rea;<br \/>\n\u25cf Prestar suporte especializado em diversos sistemas e equipamentos de tecnologia da informa\u00e7\u00e3o da unidade;<br \/>\n\u25cf Publica\u00e7\u00e3o de not\u00edcias no site oficial da unidade ;<br \/>\n\u25cf Realizar acompanhamento estat\u00edstico do uso dos servi\u00e7os e sistemas;<br \/>\n\u25cf Realizar recupera\u00e7\u00e3o de dados;<br \/>\n\u25cf Administrar e gerenciar o Ambiente Teiacoltec;<\/p>\n<table class=\"table-items\">\n<tbody>\n<tr>\n<td><b>\u00a0<\/b><\/td>\n<\/tr>\n<tr>\n<td>\n<h2><b>EQUIPE:<\/b><\/h2>\n<\/td>\n<\/tr>\n<\/tbody>\n<\/table>\n<table class=\"table-items\">\n<tbody>\n<tr>\n<td colspan=\"2\">\n<h3>Anderson Luiz Borges<\/h3>\n<\/td>\n<\/tr>\n<tr>\n<td><i class=\"fa fa-envelope envelope\"><\/i><a href=\"http:\/\/www.coltec.ufmg.br\/coltec-ufmg\/?page_id=1073#\">andersonborges@ufmg.br albor.infra@teiacolte.org<\/a><\/td>\n<td><i class=\"fa fa-phone phone\"><\/i>+55 (31) 3409-4973<\/td>\n<\/tr>\n<\/tbody>\n<\/table>\n<table class=\"table-items\">\n<tbody>\n<tr>\n<td colspan=\"2\">\n<h3>Fabr\u00edcio Riff Silva<\/h3>\n<\/td>\n<\/tr>\n<tr>\n<td><i class=\"fa fa-envelope envelope\"><\/i><a href=\"http:\/\/www.coltec.ufmg.br\/coltec-ufmg\/?page_id=1073#\">fabricioriff@ufmg.br fabricio@teiacoltec.org<\/a><\/td>\n<td><i class=\"fa fa-phone phone\"><\/i>+55 (31) 3409-4973<\/td>\n<\/tr>\n<tr>\n<td>\n<h3><\/h3>\n<h3>Welmo Jesus de Oliveira<\/h3>\n<\/td>\n<td><\/td>\n<\/tr>\n<tr>\n<td><i class=\"fa fa-envelope envelope\"><\/i><a href=\"http:\/\/www.coltec.ufmg.br\/coltec-ufmg\/?page_id=1073#\">welmo@teiacoltec.org<\/a><\/td>\n<td><i class=\"fa fa-phone phone\"><\/i>+55 (31) 3409-4973<\/td>\n<\/tr>\n<\/tbody>\n<\/table>\n<\/td>\n<\/tr>\n<\/tbody>\n<\/table>\n","protected":false},"excerpt":{"rendered":"<p>A Se\u00e7\u00e3o de Tecnologia da Informa\u00e7\u00e3o do Col\u00e9gio T\u00e9cnico da Universidade Federal de Minas Gerais \u2013 COLTEC \/ UFMG \u00e9 o setor respons\u00e1vel pela informatiza\u00e7\u00e3o do Col\u00e9gio T\u00e9cnico trabalhando em parceria com outros setores de tecnologia da informa\u00e7\u00e3o da UFMG tais como o CECOM \/ UFMG.O Se\u00e7\u00e3o de Tecnologia da Informa\u00e7\u00e3o do COLTEC \/ UFMG [&hellip;]<\/p>\n","protected":false},"author":7,"featured_media":0,"parent":0,"menu_order":0,"comment_status":"closed","ping_status":"closed","template":"","meta":{"footnotes":""},"publishpress_future_action":{"enabled":false,"date":"1969-12-31 21:00:00","action":"","terms":[],"taxonomy":"","browser_timezone_offset":0},"_links":{"self":[{"href":"https:\/\/www.coltec.ufmg.br\/coltec-ufmg\/index.php?rest_route=\/wp\/v2\/pages\/8731"}],"collection":[{"href":"https:\/\/www.coltec.ufmg.br\/coltec-ufmg\/index.php?rest_route=\/wp\/v2\/pages"}],"about":[{"href":"https:\/\/www.coltec.ufmg.br\/coltec-ufmg\/index.php?rest_route=\/wp\/v2\/types\/page"}],"author":[{"embeddable":true,"href":"https:\/\/www.coltec.ufmg.br\/coltec-ufmg\/index.php?rest_route=\/wp\/v2\/users\/7"}],"replies":[{"embeddable":true,"href":"https:\/\/www.coltec.ufmg.br\/coltec-ufmg\/index.php?rest_route=%2Fwp%2Fv2%2Fcomments&post=8731"}],"version-history":[{"count":44,"href":"https:\/\/www.coltec.ufmg.br\/coltec-ufmg\/index.php?rest_route=\/wp\/v2\/pages\/8731\/revisions"}],"predecessor-version":[{"id":15770,"href":"https:\/\/www.coltec.ufmg.br\/coltec-ufmg\/index.php?rest_route=\/wp\/v2\/pages\/8731\/revisions\/15770"}],"wp:attachment":[{"href":"https:\/\/www.coltec.ufmg.br\/coltec-ufmg\/index.php?rest_route=%2Fwp%2Fv2%2Fmedia&parent=8731"}],"curies":[{"name":"wp","href":"https:\/\/api.w.org\/{rel}","templated":true}]}}