{"id":8863,"date":"2021-12-20T22:09:04","date_gmt":"2021-12-21T01:09:04","guid":{"rendered":"https:\/\/www.coltec.ufmg.br\/coltec-ufmg\/?page_id=8863"},"modified":"2023-06-06T15:50:39","modified_gmt":"2023-06-06T18:50:39","slug":"secao-de-atencao-escolar-e-servico-de-atencao-a-saude-secao-de-atencao-escolar","status":"publish","type":"page","link":"https:\/\/www.coltec.ufmg.br\/coltec-ufmg\/?page_id=8863","title":{"rendered":"Se\u00e7\u00e3o de Acompanhamento Psicossocial &#8211; SEAP e Servi\u00e7o de Aten\u00e7\u00e3o \u00e0 Saude &#8211; SAS"},"content":{"rendered":"\n<h3>Se\u00e7\u00e3o de Acompanhamento Psicossocial &#8211;<\/h3>\n<h3>SEAP\u00a0<\/h3>\n<p>HOR\u00c1RIO DE ATENDIMENTO: 8h30 &#8211; 12h \/ 13h &#8211; 17h30<\/p>\n<p>CONTATOS DA SE\u00c7\u00c3O ADMINISTRATIVA<\/p>\n<p>Telefone: (31) 3409-4939<\/p>\n<p>Whatsapp: (31) 98689-2052 \/ (31)98689-2059<\/p>\n<p>e-mail: <a href=\"mailto:sae@teiacoltec.org\">sae@teiacoltec.org<\/a><\/p>\n<p><strong>PSIC\u00d3LOGOS:<\/strong><\/p>\n<p>Diogo Ferreira do Nascimento &#8211; <a href=\"mailto:diogofn@teiacoltec.org\">diogofn@teiacoltec.org<\/a><\/p>\n<p>Gisele Duarte Santos \u2013 <a href=\"mailto:giseleds@teiacoltec.org\">giseleds@teiacoltec.org<\/a><\/p>\n<p>Simone Pinto Vasconcellos \u2013 <a href=\"mailto:simone@teiacoltec.org\">simone@teiacoltec.org<\/a><\/p>\n<p><strong>ASSISTENTE SOCIAL:<\/strong><\/p>\n<p>Kenia Rosiane Coelho &#8211; <a href=\"mailto:keniaacoelho@teiacoltec.org\">keniaacoelho@teiacoltec.org<\/a><\/p>\n<h5><strong>Outros Canais de Contato<\/strong>: instagram @saecoltec e facebook saecoltec<br \/><br \/><\/h5>\n<p><strong>ATRIBUI\u00c7\u00d5ES DA SEAP<br \/><\/strong><br \/>\u25cf Oferecer suporte biopsicossocial \u00e0 comunidade escolar;<br \/>\u25cf Desenvolver a\u00e7\u00f5es preventivas e de reflex\u00e3o sobre as pr\u00e1ticas educativas, contribuindo para o aprimoramento dos processos educacionais;<br \/>\u25cf Realizar interven\u00e7\u00f5es em turmas\/grupos de discentes visando a supera\u00e7\u00e3o de dificuldades espec\u00edficas, tais como situa\u00e7\u00f5es de discrimina\u00e7\u00e3o e dificuldades relacionais, de acordo com a necessidade da comunidade escolar;<br \/>\u25cf Promover programas e projetos de educa\u00e7\u00e3o ampliada, envolvendo toda a comunidade escolar, em parceria com outros setores da Universidade e\/ou com a comunidade externa, a fim de ensejar a constru\u00e7\u00e3o da cr\u00edtica, o exerc\u00edcio da cidadania, a promo\u00e7\u00e3o da sa\u00fade, o desenvolvimento pessoal e a participa\u00e7\u00e3o social;<br \/>\u25cf Promover a\u00e7\u00f5es que propiciem a inclus\u00e3o de discentes com necessidades educacionais especiais;<br \/>\u25cf Realizar orienta\u00e7\u00e3o aos pais e\/ou respons\u00e1veis sobre quest\u00f5es ps\u00edquicas, comportamentais, sociais e relativas \u00e0 sa\u00fade que possam repercutir no processo escolar dos discentes;<br \/>\u25cf Realizar a media\u00e7\u00e3o de conflitos entre docentes e discentes e entre os pr\u00f3prios estudantes;<br \/>\u25cf Realizar o acolhimento a discentes em situa\u00e7\u00f5es de urg\u00eancia na \u00e1rea da sa\u00fade e posterior comunica\u00e7\u00e3o aos pais e\/ou respons\u00e1veis;<br \/>\u25cf Acompanhar e fiscalizar a implementa\u00e7\u00e3o do Conv\u00eanio de Assist\u00eancia Estudantil estabelecido entre a Funda\u00e7\u00e3o Mendes Pimentel \u2013 FUMP e o COLTEC, avaliando o alcance dos objetivos estabelecidos, prestando informa\u00e7\u00f5es e intermediando o contato entre os discentes beneficiados e a FUMP;<br \/>\u25cf Encaminhar os discentes a servi\u00e7os da rede de sa\u00fade e\/ou assist\u00eancia social do munic\u00edpio do estudante.<br \/><br \/><\/p>\n<h3><strong>Se\u00e7\u00e3o de Aten\u00e7\u00e3o \u00e0 Sa\u00fade &#8211; SAS<\/strong><\/h3>\n<p>HOR\u00c1RIO DE ATENDIMENTO: 7h10 \u2013 12h \/ 13h \u2013 17h10<\/p>\n<p>CONTATOS DA SE\u00c7\u00c3O ADMINISTRATIVA<\/p>\n<p>Telefone: (31) 3409-4944<\/p>\n<p>e-mail: <span style=\"color: #0000ff;\"><em>saude@coltec.ufmg.br<\/em> <strong>\/<\/strong><em>saude@teiacoltec.org<\/em><\/span><\/p>\n<p><strong>EQUIPE DE ENFERMAGEM:<\/strong><\/p>\n<p><strong>ENFERMEIRA<br \/><\/strong>M\u00e1rcia Danielle\u00a0Sodr\u00e9 de Almeida \u2013\u00a0<a href=\"mailto:raquel@teiacoltec.org\" target=\"_blank\" rel=\"noopener\">marciadanielle@teiacoltec.<wbr \/>org<\/a><\/p>\n<p><strong>T\u00c9CNICAS EM ENFERMAGEM<br \/><\/strong>Valqu\u00edria Oliveira \u2013 <a href=\"mailto:valquiria@teiacoltec.org\">valquiria@teiacoltec.org\u00a0<\/a><br \/>Vanessa Christine Lacorte Cardoso \u2013 <a href=\"mailto:vanessalacorte@teiacoltec.org\">vanessalacorte@teiacoltec.org<\/a><\/p>\n<p><strong style=\"font-size: inherit;\">ATRIBUI\u00c7\u00d5ES DA SAS<\/strong><\/p>\n<p>\u25cf Assessorar na estrutura\u00e7\u00e3o do Setor de Aten\u00e7\u00e3o \u00e0 Sa\u00fade do COLTEC, em conson\u00e2ncia com as atribui\u00e7\u00f5es de enfermagem e as normas da: ABNT, ANVISA, COREN e UFMG, priorizando as demandas prim\u00e1rias em sa\u00fade da comunidade do COLTEC\/UFMG.<br \/>\u25cf Acolher prioritariamente discentes com demandas relacionadas \u00e0 aten\u00e7\u00e3o prim\u00e1ria em sa\u00fade. Acolher os demais membros da comunidade escolar e encaminhar em caso de necessidade.<br \/>\u25cf Realizar atendimento de primeiros socorros e aten\u00e7\u00e3o prim\u00e1ria em casos de pequena e m\u00e9dia complexidade, comunicar aos pais dos discentes para que os mesmos tomem decis\u00f5es com rela\u00e7\u00e3o ao atendimento do aluno ao n\u00edvel hospitalar.<br \/>\u25cf Realizar triagem dos discentes, e, nos casos de aten\u00e7\u00e3o prim\u00e1ria, prestar assist\u00eancia de enfermagem at\u00e9 chegada dos pais e\/ou respons\u00e1veis no COLTEC\/UFMG ou DAST\/UFMG. Comunicar a situa\u00e7\u00e3o aos pais e\/ou respons\u00e1veis (caso necess\u00e1rio).<br \/>\u25cf Acompanhar (em caso de menores de idade) e\/ou encaminhar (caso de maiores de idade) os alunos ao DAST\/Pampulha, apenas, em casos de urg\u00eancias cl\u00ednicas.<br \/>\u25cf Realizar os primeiros atendimentos em casos de urg\u00eancias cl\u00ednico-traumatol\u00f3gicas graves e acionar o SAMU\/BOMBEIROS (acompanhar o atendimento caso necess\u00e1rio). Comunicar aos pais e\/ou respons\u00e1veis e a Dire\u00e7\u00e3o do COLTEC.<br \/>\u25cf Orientar os alunos e\/ou pais quanto a a\u00e7\u00f5es e pr\u00e1ticas de promo\u00e7\u00e3o e\/ou cuidados de sa\u00fade individual e coletiva.<br \/>\u25cf Registrar por meio de relat\u00f3rio\/prontu\u00e1rio de enfermagem os atendimentos (internos) e emitir declara\u00e7\u00e3o de atendimento realizado no SAS\/COLTEC.<br \/>\u25cf Elaborar e manter atualizado o manual de rotinas\/procedimentos operacionais padr\u00e3o e fluxograma de atendimento do SAS\/COLTEC.<br \/>\u25cf Realizar campanhas educativas de Preven\u00e7\u00e3o e Promo\u00e7\u00e3o \u00e0 sa\u00fade.<\/p>\n","protected":false},"excerpt":{"rendered":"<p>Se\u00e7\u00e3o de Acompanhamento Psicossocial &#8211; SEAP\u00a0 HOR\u00c1RIO DE ATENDIMENTO: 8h30 &#8211; 12h \/ 13h &#8211; 17h30 CONTATOS DA SE\u00c7\u00c3O ADMINISTRATIVA Telefone: (31) 3409-4939 Whatsapp: (31) 98689-2052 \/ (31)98689-2059 e-mail: sae@teiacoltec.org PSIC\u00d3LOGOS: Diogo Ferreira do Nascimento &#8211; diogofn@teiacoltec.org Gisele Duarte Santos \u2013 giseleds@teiacoltec.org Simone Pinto Vasconcellos \u2013 simone@teiacoltec.org ASSISTENTE SOCIAL: Kenia Rosiane Coelho &#8211; keniaacoelho@teiacoltec.org Outros [&hellip;]<\/p>\n","protected":false},"author":7,"featured_media":0,"parent":0,"menu_order":0,"comment_status":"closed","ping_status":"closed","template":"","meta":{"footnotes":""},"publishpress_future_action":{"enabled":false,"date":"1969-12-31 21:00:00","action":"","terms":[],"taxonomy":"","browser_timezone_offset":0},"_links":{"self":[{"href":"https:\/\/www.coltec.ufmg.br\/coltec-ufmg\/index.php?rest_route=\/wp\/v2\/pages\/8863"}],"collection":[{"href":"https:\/\/www.coltec.ufmg.br\/coltec-ufmg\/index.php?rest_route=\/wp\/v2\/pages"}],"about":[{"href":"https:\/\/www.coltec.ufmg.br\/coltec-ufmg\/index.php?rest_route=\/wp\/v2\/types\/page"}],"author":[{"embeddable":true,"href":"https:\/\/www.coltec.ufmg.br\/coltec-ufmg\/index.php?rest_route=\/wp\/v2\/users\/7"}],"replies":[{"embeddable":true,"href":"https:\/\/www.coltec.ufmg.br\/coltec-ufmg\/index.php?rest_route=%2Fwp%2Fv2%2Fcomments&post=8863"}],"version-history":[{"count":20,"href":"https:\/\/www.coltec.ufmg.br\/coltec-ufmg\/index.php?rest_route=\/wp\/v2\/pages\/8863\/revisions"}],"predecessor-version":[{"id":11774,"href":"https:\/\/www.coltec.ufmg.br\/coltec-ufmg\/index.php?rest_route=\/wp\/v2\/pages\/8863\/revisions\/11774"}],"wp:attachment":[{"href":"https:\/\/www.coltec.ufmg.br\/coltec-ufmg\/index.php?rest_route=%2Fwp%2Fv2%2Fmedia&parent=8863"}],"curies":[{"name":"wp","href":"https:\/\/api.w.org\/{rel}","templated":true}]}}